{"text_format":"1","workbook":"xlsx","n_sheets":5,"sheets":["STP Spend per head calc","STP Weighted population calc","Sources","CCG Weighted Population","CCG - STP lookup"],"not_rendered":{"charts":0,"images":0,"macros":0,"external_links":0,"defined_names":0,"comments":0,"pivot_tables":0},"unopened":[],"bounds":{"document_bytes":16777216,"sheet_cells":100000,"rows_first":2000,"rows_last":500,"rows_between":2000,"halvings":0,"cell_chars":16384,"cell_head_chars":4096},"cells_cut":0,"cells_raw":0,"read":"whole","date_system":"1900"}

{"sheet":"STP Spend per head calc","index":0,"n_rows":43,"n_cols":5,"rows_kept":43,"cut":false,"hidden":false,"merged":[]}
["STP","STP population","Planned MH spend 2018/19 [1]","Planned MH spend as % of base allocations [2]","STP spend per head on MH"]
["South Yorkshire and Bassetlaw",1603622.6356331902,353805859.83249998,0.16600000000000001,{"$f":"Table3[[#This Row],[Planned MH spend 2018/19 '[1']]]/Table3[[#This Row],[STP population]]","v":220.62912556282282}]
["Cornwall and the Isles of Scilly",599303.20740144246,124637000,0.161,{"$f":"Table3[[#This Row],[Planned MH spend 2018/19 '[1']]]/Table3[[#This Row],[STP population]]","v":207.96985309059437}]
["North Central London",1523650.943418425,312513265.96745801,0.157,{"$f":"Table3[[#This Row],[Planned MH spend 2018/19 '[1']]]/Table3[[#This Row],[STP population]]","v":205.10817606709256}]
["Coventry and Warwickshire",961446.98397556017,196686272,0.16600000000000001,{"$f":"Table3[[#This Row],[Planned MH spend 2018/19 '[1']]]/Table3[[#This Row],[STP population]]","v":204.57318529068237}]
["Birmingham and Solihull",1295062.0853851782,263884000,0.16200000000000001,{"$f":"Table3[[#This Row],[Planned MH spend 2018/19 '[1']]]/Table3[[#This Row],[STP population]]","v":203.76165975202298}]
["Cumbria and North East",3793912.527149423,770281298.60624301,0.16400000000000001,{"$f":"Table3[[#This Row],[Planned MH spend 2018/19 '[1']]]/Table3[[#This Row],[STP population]]","v":203.03085353024682}]
["Norfolk and Waveney",1062780.4479337935,210162770.42402041,0.157,{"$f":"Table3[[#This Row],[Planned MH spend 2018/19 '[1']]]/Table3[[#This Row],[STP population]]","v":197.74805871956784}]
["Nottinghamshire",1064279.9037606653,208830000,0.155,{"$f":"Table3[[#This Row],[Planned MH spend 2018/19 '[1']]]/Table3[[#This Row],[STP population]]","v":196.2171786407813}]
["Lancashire and South Cumbria",1681465.3716138999,329804108.71064001,0.13400000000000001,{"$f":"Table3[[#This Row],[Planned MH spend 2018/19 '[1']]]/Table3[[#This Row],[STP population]]","v":196.14088656139748}]
["Dorset",839480.36770545447,163872707.25999999,0.155,{"$f":"Table3[[#This Row],[Planned MH spend 2018/19 '[1']]]/Table3[[#This Row],[STP population]]","v":195.20731343356135}]
["Humber, Coast and Vale",1423408.6409753952,276908339.80199999,0.151,{"$f":"Table3[[#This Row],[Planned MH spend 2018/19 '[1']]]/Table3[[#This Row],[STP population]]","v":194.53889194620012}]
["Devon",1245914.9052711516,240830619.38999999,0.14899999999999999,{"$f":"Table3[[#This Row],[Planned MH spend 2018/19 '[1']]]/Table3[[#This Row],[STP population]]","v":193.2962021492049}]
["Leicester, Leicestershire and Rutland",1007698.50815857,193638495.98199999,0.153,{"$f":"Table3[[#This Row],[Planned MH spend 2018/19 '[1']]]/Table3[[#This Row],[STP population]]","v":192.15915714299075}]
["Staffordshire and Stoke on Trent",1164719.6119256094,221597049.76449999,0.151,{"$f":"Table3[[#This Row],[Planned MH spend 2018/19 '[1']]]/Table3[[#This Row],[STP population]]","v":190.25785046938265}]
["North West London",2172133.4037589701,406504715.26269996,0.14000000000000001,{"$f":"Table3[[#This Row],[Planned MH spend 2018/19 '[1']]]/Table3[[#This Row],[STP population]]","v":187.14537263651766}]
["Lincolnshire",802412.26857000205,146574000,0.14499999999999999,{"$f":"Table3[[#This Row],[Planned MH spend 2018/19 '[1']]]/Table3[[#This Row],[STP population]]","v":182.66669858028592}]
["South East London",1956303.1144570503,354659690.662,0.14499999999999999,{"$f":"Table3[[#This Row],[Planned MH spend 2018/19 '[1']]]/Table3[[#This Row],[STP population]]","v":181.29076626268713}]
["West Yorkshire",2674534.5406828099,483230446.43299997,0.14099999999999999,{"$f":"Table3[[#This Row],[Planned MH spend 2018/19 '[1']]]/Table3[[#This Row],[STP population]]","v":180.67833452232441}]
["The Black Country and West Birmingham",1493614.9347897507,264767917.92605001,0.14099999999999999,{"$f":"Table3[[#This Row],[Planned MH spend 2018/19 '[1']]]/Table3[[#This Row],[STP population]]","v":177.2665174664447}]
["Milton Keynes, Bedfordshire and Luton",947194.36051482102,164909000,0.14099999999999999,{"$f":"Table3[[#This Row],[Planned MH spend 2018/19 '[1']]]/Table3[[#This Row],[STP population]]","v":174.1025990804763}]
["Bristol, North Somerset and South Gloucestershire",933151.82153531711,161293288,0.13600000000000001,{"$f":"Table3[[#This Row],[Planned MH spend 2018/19 '[1']]]/Table3[[#This Row],[STP population]]","v":172.84785206186891}]
["Northamptonshire",732049.51060180366,125337984.05599999,0.13900000000000001,{"$f":"Table3[[#This Row],[Planned MH spend 2018/19 '[1']]]/Table3[[#This Row],[STP population]]","v":171.21517361983081}]
["Derbyshire",1073869.4987520333,182782916.484,0.13200000000000001,{"$f":"Table3[[#This Row],[Planned MH spend 2018/19 '[1']]]/Table3[[#This Row],[STP population]]","v":170.20961736637079}]
["Hampshire and the Isle of Wight",1837886.0110291082,308755666.11430001,0.13400000000000001,{"$f":"Table3[[#This Row],[Planned MH spend 2018/19 '[1']]]/Table3[[#This Row],[STP population]]","v":167.99500309674536}]
["Cheshire and Merseyside",2942004.3803654197,490942347.84595001,0.13,{"$f":"Table3[[#This Row],[Planned MH spend 2018/19 '[1']]]/Table3[[#This Row],[STP population]]","v":166.87342517993503}]
["South West London",1498827.9694289153,249191083.88695002,0.13,{"$f":"Table3[[#This Row],[Planned MH spend 2018/19 '[1']]]/Table3[[#This Row],[STP population]]","v":166.257295012914}]
["Suffolk and North East Essex",1016634.1852733488,168987568.8531,0.13400000000000001,{"$f":"Table3[[#This Row],[Planned MH spend 2018/19 '[1']]]/Table3[[#This Row],[STP population]]","v":166.22259146997231}]
["Herefordshire and Worcestershire",754655.06680601195,124248805.249,0.13100000000000001,{"$f":"Table3[[#This Row],[Planned MH spend 2018/19 '[1']]]/Table3[[#This Row],[STP population]]","v":164.64317370168644}]
["North East London",2008990.01963854,330283654.62839001,0.128,{"$f":"Table3[[#This Row],[Planned MH spend 2018/19 '[1']]]/Table3[[#This Row],[STP population]]","v":164.40283495674859}]
["Frimley Health",728013.87840464734,119040901,0.13,{"$f":"Table3[[#This Row],[Planned MH spend 2018/19 '[1']]]/Table3[[#This Row],[STP population]]","v":163.51460395351728}]
["Greater Manchester",3276942.5790034821,522139888.99599999,0.127,{"$f":"Table3[[#This Row],[Planned MH spend 2018/19 '[1']]]/Table3[[#This Row],[STP population]]","v":159.33751550653739}]
["Cambridgeshire and Peterborough",836822.22535844112,131739010.53,0.127,{"$f":"Table3[[#This Row],[Planned MH spend 2018/19 '[1']]]/Table3[[#This Row],[STP population]]","v":157.42771467807447}]
["Sussex and East Surrey",1982633.4152576192,302998715.85449994,0.12,{"$f":"Table3[[#This Row],[Planned MH spend 2018/19 '[1']]]/Table3[[#This Row],[STP population]]","v":152.82639419003684}]
["Mid and South Essex",1203116.4853629682,180390268.92399999,0.12,{"$f":"Table3[[#This Row],[Planned MH spend 2018/19 '[1']]]/Table3[[#This Row],[STP population]]","v":149.9358300867917}]
["Hertfordshire and West Essex",1536665.2523193834,229683211.80000001,0.12,{"$f":"Table3[[#This Row],[Planned MH spend 2018/19 '[1']]]/Table3[[#This Row],[STP population]]","v":149.46860511964138}]
["Buckinghamshire, Oxfordshire and Berkshire West",1607013.98790169,239703981.69099998,0.122,{"$f":"Table3[[#This Row],[Planned MH spend 2018/19 '[1']]]/Table3[[#This Row],[STP population]]","v":149.16110469205449}]
["Kent and Medway",1851745.8385906252,266058444.28935999,0.113,{"$f":"Table3[[#This Row],[Planned MH spend 2018/19 '[1']]]/Table3[[#This Row],[STP population]]","v":143.67978517605778}]
["Bath and North East Somerset, Swindon and Wiltshire",898054.61697843811,126812019.25,0.113,{"$f":"Table3[[#This Row],[Planned MH spend 2018/19 '[1']]]/Table3[[#This Row],[STP population]]","v":141.20746873577366}]
["Somerset",589777.75154526054,82422000,0.112,{"$f":"Table3[[#This Row],[Planned MH spend 2018/19 '[1']]]/Table3[[#This Row],[STP population]]","v":139.75094819031131}]
["Gloucestershire",615442.57662557694,84318572.981999993,0.11,{"$f":"Table3[[#This Row],[Planned MH spend 2018/19 '[1']]]/Table3[[#This Row],[STP population]]","v":137.00477702454722}]
["Shropshire and Telford and Wrekin",494006.3870180808,66577330.603,0.109,{"$f":"Table3[[#This Row],[Planned MH spend 2018/19 '[1']]]/Table3[[#This Row],[STP population]]","v":134.77018182876904}]
["Surrey Heartlands",860969.2590780186,107172007.00500001,0.1,{"$f":"Table3[[#This Row],[Planned MH spend 2018/19 '[1']]]/Table3[[#This Row],[STP population]]","v":124.47832007354909}]

{"sheet":"STP Weighted population calc","index":1,"n_rows":211,"n_cols":7,"rows_kept":211,"cut":false,"hidden":false,"merged":[[69,6,71,6],[137,7,141,7],[142,7,147,7],[136,6,141,6],[142,6,146,6],[109,6,111,6],[128,6,135,6],[121,6,127,6],[94,6,98,6],[86,6,93,6],[78,6,85,6],[72,6,77,6],[1,3,11,3],[12,3,17,3],[18,3,29,3],[30,3,41,3],[42,3,46,3],[72,3,77,3],[47,3,52,3],[53,3,54,3],[55,3,58,3],[59,3,62,3],[63,3,68,3],[69,3,71,3],[106,3,108,3],[109,3,111,3],[113,3,119,3],[136,3,147,3],[128,3,135,3],[197,3,203,3],[204,3,209,3],[121,3,127,3],[170,3,172,3],[173,3,175,3],[176,3,178,3],[179,3,183,3],[184,3,191,3],[192,3,196,3],[148,3,151,3],[152,3,154,3],[155,3,157,3],[158,3,161,3],[162,3,163,3],[165,3,169,3],[69,5,71,5],[1,5,11,5],[12,5,17,5],[18,5,29,5],[30,5,41,5],[42,5,46,5],[47,5,52,5],[53,5,54,5],[55,5,58,5],[59,5,62,5],[63,5,68,5],[78,5,85,5],[86,5,93,5],[94,5,98,5],[99,5,101,5],[103,5,104,5],[78,3,85,3],[86,3,93,3],[94,3,98,3],[99,3,101,3],[103,3,104,3],[136,5,147,5],[152,5,154,5],[148,5,151,5],[155,5,157,5],[128,5,135,5],[184,5,191,5],[192,5,196,5],[197,5,203,5],[204,5,209,5],[72,5,77,5],[162,5,163,5],[165,5,169,5],[170,5,172,5],[173,5,175,5],[176,5,178,5],[179,5,183,5],[158,5,161,5],[106,5,108,5],[109,5,111,5],[113,5,119,5],[121,5,127,5]]}
["CCG Current Name","CCG Amended (allowing for mergers)","CCG Weighted Population [3]","STP population","STP Code","STP Name [4]","Notes"]
["NHS Airedale, Wharfedale and Craven CCG","NHS Airedale, Wharfedale and Craven CCG",{"$f":"VLOOKUP('STP Weighted population calc'!$B2,CCGPopulation[],11,FALSE)","v":169233.6086988688},{"$f":"SUM(C2:C12)","v":2674534.5406828099},"E54000005","West Yorkshire"]
["NHS Bradford City CCG","NHS Bradford City CCG",{"$f":"VLOOKUP('STP Weighted population calc'!$B3,CCGPopulation[],11,FALSE)","v":113620.78093616433},null,"E54000005"]
["NHS Bradford Districts CCG","NHS Bradford Districts CCG",{"$f":"VLOOKUP('STP Weighted population calc'!$B4,CCGPopulation[],11,FALSE)","v":364067.79686030262},null,"E54000005"]
["NHS Calderdale CCG","NHS Calderdale CCG",{"$f":"VLOOKUP('STP Weighted population calc'!$B5,CCGPopulation[],11,FALSE)","v":214577.50609347003},null,"E54000005"]
["NHS Greater Huddersfield CCG","NHS Greater Huddersfield CCG",{"$f":"VLOOKUP('STP Weighted population calc'!$B6,CCGPopulation[],11,FALSE)","v":231822.35622900669},null,"E54000005"]
["NHS Harrogate and Rural District CCG","NHS Harrogate and Rural District CCG",{"$f":"VLOOKUP('STP Weighted population calc'!$B7,CCGPopulation[],11,FALSE)","v":152896.19008332907},null,"E54000005"]
["NHS North Kirklees CCG","NHS North Kirklees CCG",{"$f":"VLOOKUP('STP Weighted population calc'!$B8,CCGPopulation[],11,FALSE)","v":186710.64522624831},null,"E54000005"]
["NHS Wakefield CCG","NHS Wakefield CCG",{"$f":"VLOOKUP('STP Weighted population calc'!$B9,CCGPopulation[],11,FALSE)","v":394588.33899032755},null,"E54000005"]
["NHS Leeds CCG","NHS Leeds North CCG",{"$f":"VLOOKUP('STP Weighted population calc'!$B10,CCGPopulation[],11,FALSE)","v":204189.22583963128},null,"E54000005",null,"Merger: Leeds North, Leeds South and East, and Leeds West CCGs into Leeds CCG"]
["NHS Leeds CCG","NHS Leeds South and East CCG",{"$f":"VLOOKUP('STP Weighted population calc'!$B11,CCGPopulation[],11,FALSE)","v":307057.38240954699},null,"E54000005",null,"Merger: Leeds North, Leeds South and East, and Leeds West CCGs into Leeds CCG"]
["NHS Leeds CCG","NHS Leeds West CCG",{"$f":"VLOOKUP('STP Weighted population calc'!$B12,CCGPopulation[],11,FALSE)","v":335770.7093159142},null,"E54000005",null,"Merger: Leeds North, Leeds South and East, and Leeds West CCGs into Leeds CCG"]
["NHS East Riding of Yorkshire CCG","NHS East Riding of Yorkshire CCG",{"$f":"VLOOKUP('STP Weighted population calc'!$B13,CCGPopulation[],11,FALSE)","v":310609.78349735204},{"$f":"SUM(C13:C18)","v":1423408.6409753952},"E54000006","Humber, Coast and Vale"]
["NHS Hull CCG","NHS Hull CCG",{"$f":"VLOOKUP('STP Weighted population calc'!$B14,CCGPopulation[],11,FALSE)","v":308434.87640265346},null,"E54000006"]
["NHS North East Lincolnshire CCG","NHS North East Lincolnshire CCG",{"$f":"VLOOKUP('STP Weighted population calc'!$B15,CCGPopulation[],11,FALSE)","v":178366.21255807465},null,"E54000006"]
["NHS North Lincolnshire CCG","NHS North Lincolnshire CCG",{"$f":"VLOOKUP('STP Weighted population calc'!$B16,CCGPopulation[],11,FALSE)","v":177864.71512862534},null,"E54000006"]
["NHS Scarborough and Ryedale CCG","NHS Scarborough and Ryedale CCG",{"$f":"VLOOKUP('STP Weighted population calc'!$B17,CCGPopulation[],11,FALSE)","v":128160.99661691934},null,"E54000006"]
["NHS Vale of York CCG","NHS Vale of York CCG",{"$f":"VLOOKUP('STP Weighted population calc'!$B18,CCGPopulation[],11,FALSE)","v":319972.05677177064},null,"E54000006"]
["NHS Bolton CCG","NHS Bolton CCG",{"$f":"VLOOKUP('STP Weighted population calc'!$B19,CCGPopulation[],11,FALSE)","v":334724.21231981867},{"$f":"SUM(C19:C30)","v":3276942.5790034821},"E54000007","Greater Manchester"]
["NHS Bury CCG","NHS Bury CCG",{"$f":"VLOOKUP('STP Weighted population calc'!$B20,CCGPopulation[],11,FALSE)","v":213189.56593861774},null,"E54000007"]
["NHS Heywood, Middleton and Rochdale CCG","NHS Heywood, Middleton and Rochdale CCG",{"$f":"VLOOKUP('STP Weighted population calc'!$B21,CCGPopulation[],11,FALSE)","v":261232.84424406203},null,"E54000007"]
["NHS Oldham CCG","NHS Oldham CCG",{"$f":"VLOOKUP('STP Weighted population calc'!$B22,CCGPopulation[],11,FALSE)","v":266660.67890999548},null,"E54000007"]
["NHS Salford CCG","NHS Salford CCG",{"$f":"VLOOKUP('STP Weighted population calc'!$B23,CCGPopulation[],11,FALSE)","v":313157.57378532359},null,"E54000007"]
["NHS Stockport CCG","NHS Stockport CCG",{"$f":"VLOOKUP('STP Weighted population calc'!$B24,CCGPopulation[],11,FALSE)","v":338933.7662695843},null,"E54000007"]
["NHS Tameside and Glossop CCG","NHS Tameside and Glossop CCG",{"$f":"VLOOKUP('STP Weighted population calc'!$B25,CCGPopulation[],11,FALSE)","v":281192.88852296368},null,"E54000007"]
["NHS Trafford CCG","NHS Trafford CCG",{"$f":"VLOOKUP('STP Weighted population calc'!$B26,CCGPopulation[],11,FALSE)","v":243955.85099060135},null,"E54000007"]
["NHS Wigan Borough CCG","NHS Wigan Borough CCG",{"$f":"VLOOKUP('STP Weighted population calc'!$B27,CCGPopulation[],11,FALSE)","v":368954.55061238894},null,"E54000007"]
["NHS Manchester CCG","NHS Central Manchester CCG",{"$f":"VLOOKUP('STP Weighted population calc'!$B28,CCGPopulation[],11,FALSE)","v":220653.6385949339},null,"E54000007",null,"Merger: Central Manchester, North Manchester and South Manchester CCGs into Manchester CCG"]
["NHS Manchester CCG","NHS North Manchester CCG",{"$f":"VLOOKUP('STP Weighted population calc'!$B29,CCGPopulation[],11,FALSE)","v":245473.92424832867},null,"E54000007",null,"Merger: Central Manchester, North Manchester and South Manchester CCGs into Manchester CCG"]
["NHS Manchester CCG","NHS South Manchester CCG",{"$f":"VLOOKUP('STP Weighted population calc'!$B30,CCGPopulation[],11,FALSE)","v":188813.08456686433},null,"E54000007",null,"Merger: Central Manchester, North Manchester and South Manchester CCGs into Manchester CCG"]
["NHS Eastern Cheshire CCG","NHS Eastern Cheshire CCG",{"$f":"VLOOKUP('STP Weighted population calc'!$B31,CCGPopulation[],11,FALSE)","v":209587.97019490247},{"$f":"SUM(C31:C42)","v":2942004.3803654197},"E54000008","Cheshire and Merseyside"]
["NHS Halton CCG","NHS Halton CCG",{"$f":"VLOOKUP('STP Weighted population calc'!$B32,CCGPopulation[],11,FALSE)","v":152786.84349263957},null,"E54000008"]
["NHS Knowsley CCG","NHS Knowsley CCG",{"$f":"VLOOKUP('STP Weighted population calc'!$B33,CCGPopulation[],11,FALSE)","v":205175.35068724258},null,"E54000008"]
["NHS Liverpool CCG","NHS Liverpool CCG",{"$f":"VLOOKUP('STP Weighted population calc'!$B34,CCGPopulation[],11,FALSE)","v":599637.6290533283},null,"E54000008"]
["NHS South Cheshire CCG","NHS South Cheshire CCG",{"$f":"VLOOKUP('STP Weighted population calc'!$B35,CCGPopulation[],11,FALSE)","v":189232.09641790992},null,"E54000008"]
["NHS South Sefton CCG","NHS South Sefton CCG",{"$f":"VLOOKUP('STP Weighted population calc'!$B36,CCGPopulation[],11,FALSE)","v":184165.92263084845},null,"E54000008"]
["NHS Southport and Formby CCG","NHS Southport and Formby CCG",{"$f":"VLOOKUP('STP Weighted population calc'!$B37,CCGPopulation[],11,FALSE)","v":143167.99100244651},null,"E54000008"]
["NHS St Helens CCG","NHS St Helens CCG",{"$f":"VLOOKUP('STP Weighted population calc'!$B38,CCGPopulation[],11,FALSE)","v":235716.73188568989},null,"E54000008"]
["NHS Vale Royal CCG","NHS Vale Royal CCG",{"$f":"VLOOKUP('STP Weighted population calc'!$B39,CCGPopulation[],11,FALSE)","v":109135.56913103393},null,"E54000008"]
["NHS Warrington CCG","NHS Warrington CCG",{"$f":"VLOOKUP('STP Weighted population calc'!$B40,CCGPopulation[],11,FALSE)","v":226810.49485878507},null,"E54000008"]
["NHS West Cheshire CCG","NHS West Cheshire CCG",{"$f":"VLOOKUP('STP Weighted population calc'!$B41,CCGPopulation[],11,FALSE)","v":277241.90814195253},null,"E54000008"]
["NHS Wirral CCG","NHS Wirral CCG",{"$f":"VLOOKUP('STP Weighted population calc'!$B42,CCGPopulation[],11,FALSE)","v":409345.87286864076},null,"E54000008"]
["NHS Barnsley CCG","NHS Barnsley CCG",{"$f":"VLOOKUP('STP Weighted population calc'!$B43,CCGPopulation[],11,FALSE)","v":286855.04107544676},{"$f":"SUM(C43:C47)","v":1603622.6356331902},"E54000009","South Yorkshire and Bassetlaw"]
["NHS Bassetlaw CCG","NHS Bassetlaw CCG",{"$f":"VLOOKUP('STP Weighted population calc'!$B44,CCGPopulation[],11,FALSE)","v":124228.62710162952},null,"E54000009"]
["NHS Doncaster CCG","NHS Doncaster CCG",{"$f":"VLOOKUP('STP Weighted population calc'!$B45,CCGPopulation[],11,FALSE)","v":341260.61380337965},null,"E54000009"]
["NHS Rotherham CCG","NHS Rotherham CCG",{"$f":"VLOOKUP('STP Weighted population calc'!$B46,CCGPopulation[],11,FALSE)","v":275030.36402460153},null,"E54000009"]
["NHS Sheffield CCG","NHS Sheffield CCG",{"$f":"VLOOKUP('STP Weighted population calc'!$B47,CCGPopulation[],11,FALSE)","v":576247.98962813267},null,"E54000009"]
["NHS Cannock Chase CCG","NHS Cannock Chase CCG",{"$f":"VLOOKUP('STP Weighted population calc'!$B48,CCGPopulation[],11,FALSE)","v":137308.99309485004},{"$f":"SUM(C48:C53)","v":1164719.6119256094},"E54000010","Staffordshire and Stoke on Trent"]
["NHS East Staffordshire CCG","NHS East Staffordshire CCG",{"$f":"VLOOKUP('STP Weighted population calc'!$B49,CCGPopulation[],11,FALSE)","v":133571.14455746266},null,"E54000010"]
["NHS North Staffordshire CCG","NHS North Staffordshire CCG",{"$f":"VLOOKUP('STP Weighted population calc'!$B50,CCGPopulation[],11,FALSE)","v":224641.11068237363},null,"E54000010"]
["NHS South East Staffs and Seisdon Peninsular CCG","NHS South East Staffs and Seisdon Peninsular CCG",{"$f":"VLOOKUP('STP Weighted population calc'!$B51,CCGPopulation[],11,FALSE)","v":211839.81989655789},null,"E54000010"]
["NHS Stafford and Surrounds CCG","NHS Stafford and Surrounds CCG",{"$f":"VLOOKUP('STP Weighted population calc'!$B52,CCGPopulation[],11,FALSE)","v":143066.57180827548},null,"E54000010"]
["NHS Stoke on Trent CCG","NHS Stoke on Trent CCG",{"$f":"VLOOKUP('STP Weighted population calc'!$B53,CCGPopulation[],11,FALSE)","v":314291.97188608989},null,"E54000010"]
["NHS Shropshire CCG","NHS Shropshire CCG",{"$f":"VLOOKUP('STP Weighted population calc'!$B54,CCGPopulation[],11,FALSE)","v":318436.64658785623},{"$f":"SUM(C54:C55)","v":494006.3870180808},"E54000011","Shropshire and Telford and Wrekin"]
["NHS Telford and Wrekin CCG","NHS Telford and Wrekin CCG",{"$f":"VLOOKUP('STP Weighted population calc'!$B55,CCGPopulation[],11,FALSE)","v":175569.74043022454},null,"E54000011"]
["NHS Erewash CCG","NHS Erewash CCG",{"$f":"VLOOKUP('STP Weighted population calc'!$B56,CCGPopulation[],11,FALSE)","v":102677.844489148},{"$f":"SUM(C56:C59)","v":1073869.4987520333},"E54000012","Derbyshire"]
["NHS Hardwick CCG","NHS Hardwick CCG",{"$f":"VLOOKUP('STP Weighted population calc'!$B57,CCGPopulation[],11,FALSE)","v":116127.35876229008},null,"E54000012"]
["NHS North Derbyshire CCG","NHS North Derbyshire CCG",{"$f":"VLOOKUP('STP Weighted population calc'!$B58,CCGPopulation[],11,FALSE)","v":301799.96567272872},null,"E54000012"]
["NHS Southern Derbyshire CCG","NHS Southern Derbyshire CCG",{"$f":"VLOOKUP('STP Weighted population calc'!$B59,CCGPopulation[],11,FALSE)","v":553264.32982786663},null,"E54000012"]
["NHS Lincolnshire East CCG","NHS Lincolnshire East CCG",{"$f":"VLOOKUP('STP Weighted population calc'!$B60,CCGPopulation[],11,FALSE)","v":279199.93004785117},{"$f":"SUM(C60:C63)","v":802412.26857000205},"E54000013","Lincolnshire"]
["NHS Lincolnshire West CCG","NHS Lincolnshire West CCG",{"$f":"VLOOKUP('STP Weighted population calc'!$B61,CCGPopulation[],11,FALSE)","v":228718.62596249999},null,"E54000013"]
["NHS South Lincolnshire CCG","NHS South Lincolnshire CCG",{"$f":"VLOOKUP('STP Weighted population calc'!$B62,CCGPopulation[],11,FALSE)","v":165785.36092207607},null,"E54000013"]
["NHS South West Lincolnshire CCG","NHS South West Lincolnshire CCG",{"$f":"VLOOKUP('STP Weighted population calc'!$B63,CCGPopulation[],11,FALSE)","v":128708.35163757481},null,"E54000013"]
["NHS Mansfield and Ashfield CCG","NHS Mansfield and Ashfield CCG",{"$f":"VLOOKUP('STP Weighted population calc'!$B64,CCGPopulation[],11,FALSE)","v":211811.6504611313},{"$f":"SUM(C64:C69)","v":1064279.9037606653},"E54000014","Nottingham and Nottinghamshire Health and Care"]
["NHS Newark and Sherwood CCG","NHS Newark and Sherwood CCG",{"$f":"VLOOKUP('STP Weighted population calc'!$B65,CCGPopulation[],11,FALSE)","v":137846.07734410913},null,"E54000014"]
["NHS Nottingham City CCG","NHS Nottingham City CCG",{"$f":"VLOOKUP('STP Weighted population calc'!$B66,CCGPopulation[],11,FALSE)","v":347616.56959182018},null,"E54000014"]
["NHS Nottingham North and East CCG","NHS Nottingham North and East CCG",{"$f":"VLOOKUP('STP Weighted population calc'!$B67,CCGPopulation[],11,FALSE)","v":154497.94578507583},null,"E54000014"]
["NHS Nottingham West CCG","NHS Nottingham West CCG",{"$f":"VLOOKUP('STP Weighted population calc'!$B68,CCGPopulation[],11,FALSE)","v":96359.564385621386},null,"E54000014"]
["NHS Rushcliffe CCG","NHS Rushcliffe CCG",{"$f":"VLOOKUP('STP Weighted population calc'!$B69,CCGPopulation[],11,FALSE)","v":116148.09619290763},null,"E54000014"]
["NHS Leicester City CCG","NHS Leicester City CCG",{"$f":"VLOOKUP('STP Weighted population calc'!$B70,CCGPopulation[],11,FALSE)","v":358785.9234993977},{"$f":"SUM(C70:C72)","v":1007698.50815857},"E54000015","Leicester, Leicestershire and Rutland"]
["NHS West Leicestershire CCG","NHS West Leicestershire CCG",{"$f":"VLOOKUP('STP Weighted population calc'!$B71,CCGPopulation[],11,FALSE)","v":347007.45721807127},null,"E54000015"]
["NHS East Leicestershire and Rutland CCG","NHS East Leicestershire and Rutland CCG",{"$f":"VLOOKUP('STP Weighted population calc'!$B72,CCGPopulation[],11,FALSE)","v":301905.12744110113},null,"E54000015"]
["NHS Richmond CCG","NHS Richmond CCG",{"$f":"VLOOKUP('STP Weighted population calc'!$B73,CCGPopulation[],11,FALSE)","v":183968.54760166002},{"$f":"SUM(C73:C78)","v":1498827.9694289153},"E54000031","South West London"]
["NHS Sutton CCG","NHS Sutton CCG",{"$f":"VLOOKUP('STP Weighted population calc'!$B74,CCGPopulation[],11,FALSE)","v":200461.13922875797},null,"E54000031"]
["NHS Wandsworth CCG","NHS Wandsworth CCG",{"$f":"VLOOKUP('STP Weighted population calc'!$B75,CCGPopulation[],11,FALSE)","v":324747.60271178518},null,"E54000031"]
["NHS Croydon CCG","NHS Croydon CCG",{"$f":"VLOOKUP('STP Weighted population calc'!$A76,CCGPopulation[],11,FALSE)","v":406112.58422779135},null,"E54000031"]
["NHS Kingston CCG","NHS Kingston CCG",{"$f":"VLOOKUP('STP Weighted population calc'!$A77,CCGPopulation[],11,FALSE)","v":184012.53946229536},null,"E54000031"]
["NHS Merton CCG","NHS Merton CCG",{"$f":"VLOOKUP('STP Weighted population calc'!$A78,CCGPopulation[],11,FALSE)","v":199525.55619662552},null,"E54000031"]
["NHS Ashford CCG","NHS Ashford CCG",{"$f":"VLOOKUP('STP Weighted population calc'!$B79,CCGPopulation[],11,FALSE)","v":116401.23948958726},{"$f":"SUM(C79:C86)","v":1851745.8385906252},"E54000032","Kent and Medway"]
["NHS Canterbury and Coastal CCG","NHS Canterbury and Coastal CCG",{"$f":"VLOOKUP('STP Weighted population calc'!$B80,CCGPopulation[],11,FALSE)","v":208561.55036929395},null,"E54000032"]
["NHS Dartford, Gravesham and Swanley CCG","NHS Dartford, Gravesham and Swanley CCG",{"$f":"VLOOKUP('STP Weighted population calc'!$B81,CCGPopulation[],11,FALSE)","v":264498.67900993145},null,"E54000032"]
["NHS Medway CCG","NHS Medway CCG",{"$f":"VLOOKUP('STP Weighted population calc'!$B82,CCGPopulation[],11,FALSE)","v":295780.11474397714},null,"E54000032"]
["NHS South Kent Coast CCG","NHS South Kent Coast CCG",{"$f":"VLOOKUP('STP Weighted population calc'!$B83,CCGPopulation[],11,FALSE)","v":215834.44615754354},null,"E54000032"]
["NHS Swale CCG","NHS Swale CCG",{"$f":"VLOOKUP('STP Weighted population calc'!$B84,CCGPopulation[],11,FALSE)","v":117272.50149298465},null,"E54000032"]
["NHS Thanet CCG","NHS Thanet CCG",{"$f":"VLOOKUP('STP Weighted population calc'!$B85,CCGPopulation[],11,FALSE)","v":169159.38074723753},null,"E54000032"]
["NHS West Kent CCG","NHS West Kent CCG",{"$f":"VLOOKUP('STP Weighted population calc'!$B86,CCGPopulation[],11,FALSE)","v":464237.92658006976},null,"E54000032"]
["NHS Brighton and Hove CCG","NHS Brighton and Hove CCG",{"$f":"VLOOKUP('STP Weighted population calc'!$B87,CCGPopulation[],11,FALSE)","v":284379.3235232252},{"$f":"SUM(C87:C94)","v":1982633.4152576192},"E54000033","Sussex and East Surrey"]
["NHS Crawley CCG","NHS Crawley CCG",{"$f":"VLOOKUP('STP Weighted population calc'!$B88,CCGPopulation[],11,FALSE)","v":128796.25430985398},null,"E54000033"]
["NHS East Surrey CCG","NHS East Surrey CCG",{"$f":"VLOOKUP('STP Weighted population calc'!$B89,CCGPopulation[],11,FALSE)","v":181312.42601418664},null,"E54000033"]
["NHS Eastbourne, Hailsham and Seaford CCG","NHS Eastbourne, Hailsham and Seaford CCG",{"$f":"VLOOKUP('STP Weighted population calc'!$B90,CCGPopulation[],11,FALSE)","v":217874.06211069421},null,"E54000033"]
["NHS Hastings and Rother CCG","NHS Hastings and Rother CCG",{"$f":"VLOOKUP('STP Weighted population calc'!$B91,CCGPopulation[],11,FALSE)","v":210726.73576713959},null,"E54000033"]
["NHS High Weald Lewes Havens CCG","NHS High Weald Lewes Havens CCG",{"$f":"VLOOKUP('STP Weighted population calc'!$B92,CCGPopulation[],11,FALSE)","v":166982.65105300114},null,"E54000033"]
["NHS Horsham and Mid Sussex CCG","NHS Horsham and Mid Sussex CCG",{"$f":"VLOOKUP('STP Weighted population calc'!$B93,CCGPopulation[],11,FALSE)","v":219906.16041994342},null,"E54000033"]
["NHS Coastal West Sussex CCG","NHS Coastal West Sussex CCG",{"$f":"VLOOKUP('STP Weighted population calc'!$B94,CCGPopulation[],11,FALSE)","v":572655.8020595751},null,"E54000033"]
["NHS North East Hampshire and Farnham CCG","NHS North East Hampshire and Farnham CCG",{"$f":"VLOOKUP('STP Weighted population calc'!$B95,CCGPopulation[],11,FALSE)","v":217753.18438571075},{"$f":"SUM(C95:C99)","v":728013.87840464734},"E54000034","Frimley Health","Merger: Bracknell and Ascot, Slough, and Windsor, Ascot and Maidenhead CCGs into East Berkshire CCG"]
["NHS Surrey Heath CCG","NHS Surrey Heath CCG",{"$f":"VLOOKUP('STP Weighted population calc'!$B96,CCGPopulation[],11,FALSE)","v":94191.520693680272},null,"E54000034"]
["NHS East Berkshire CCG","NHS Windsor, Ascot and Maidenhead CCG",{"$f":"VLOOKUP('STP Weighted population calc'!$B97,CCGPopulation[],11,FALSE)","v":142121.38426098682},null,"E54000034"]
["NHS East Berkshire CCG","NHS Slough CCG",{"$f":"VLOOKUP('STP Weighted population calc'!$B98,CCGPopulation[],11,FALSE)","v":143899.86615106132},null,"E54000034"]
["NHS East Berkshire CCG","NHS Bracknell and Ascot CCG",{"$f":"VLOOKUP('STP Weighted population calc'!$B99,CCGPopulation[],11,FALSE)","v":130047.92291320814},null,"E54000034"]
["NHS North West Surrey CCG","NHS North West Surrey CCG",{"$f":"VLOOKUP('STP Weighted population calc'!$B100,CCGPopulation[],11,FALSE)","v":359402.41171532817},{"$f":"SUM(C100:C102)","v":860969.2590780186},"E54000035","Surrey Heartlands"]
["NHS Surrey Downs CCG","NHS Surrey Downs CCG",{"$f":"VLOOKUP('STP Weighted population calc'!$B101,CCGPopulation[],11,FALSE)","v":297059.3647521112},null,"E54000035"]
["NHS Guildford and Waverley CCG","NHS Guildford and Waverley CCG",{"$f":"VLOOKUP('STP Weighted population calc'!$B102,CCGPopulation[],11,FALSE)","v":204507.48261057923},null,"E54000035"]
["NHS Kernow CCG","NHS Kernow CCG",{"$f":"VLOOKUP('STP Weighted population calc'!$B103,CCGPopulation[],11,FALSE)","v":599303.20740144246},{"$f":"SUM(C103)","v":599303.20740144246},"E54000036","Cornwall and the Isles of Scilly"]
["NHS North, East, West Devon CCG","NHS North, East, West Devon CCG",{"$f":"VLOOKUP('STP Weighted population calc'!$B104,CCGPopulation[],11,FALSE)","v":936896.11624134821},{"$f":"SUM(C104:C105)","v":1245914.9052711516},"E54000037","Devon"]
["NHS South Devon and Torbay CCG","NHS South Devon and Torbay CCG",{"$f":"VLOOKUP('STP Weighted population calc'!$B105,CCGPopulation[],11,FALSE)","v":309018.7890298033},null,"E54000037"]
["NHS Somerset CCG","NHS Somerset CCG",{"$f":"VLOOKUP('STP Weighted population calc'!$B106,CCGPopulation[],11,FALSE)","v":589777.75154526054},{"$f":"SUM(C106)","v":589777.75154526054},"E54000038","Somerset"]
["NHS Bristol CCG","NHS Bristol CCG",{"$f":"VLOOKUP('STP Weighted population calc'!$B107,CCGPopulation[],11,FALSE)","v":462219.3978736329},{"$f":"SUM(C107:C109)","v":933151.82153531711},"E54000039","Bristol, North Somerset and South Gloucestershire"]
["NHS North Somerset CCG","NHS North Somerset CCG",{"$f":"VLOOKUP('STP Weighted population calc'!$B108,CCGPopulation[],11,FALSE)","v":229456.94815230844},null,"E54000039"]
["NHS South Gloucestershire CCG","NHS South Gloucestershire CCG",{"$f":"VLOOKUP('STP Weighted population calc'!$B109,CCGPopulation[],11,FALSE)","v":241475.47550937577},null,"E54000039"]
["NHS Bath and North East Somerset CCG","NHS Bath and North East Somerset CCG",{"$f":"VLOOKUP('STP Weighted population calc'!$B110,CCGPopulation[],11,FALSE)","v":190109.58045706985},{"$f":"SUM(C110:C112)","v":898054.61697843811},"E54000040","Bath and North East Somerset, Swindon and Wiltshire","Formerly called Bath, Swindon and Wiltshire STP (name change not merger)"]
["NHS Swindon CCG","NHS Swindon CCG",{"$f":"VLOOKUP('STP Weighted population calc'!$B111,CCGPopulation[],11,FALSE)","v":218983.23058491605},null,"E54000040"]
["NHS Wiltshire CCG","NHS Wiltshire CCG",{"$f":"VLOOKUP('STP Weighted population calc'!$B112,CCGPopulation[],11,FALSE)","v":488961.80593645223},null,"E54000040"]
["NHS Dorset CCG","NHS Dorset CCG",{"$f":"VLOOKUP('STP Weighted population calc'!$B113,CCGPopulation[],11,FALSE)","v":839480.36770545447},{"$f":"VLOOKUP('STP Weighted population calc'!$B113,CCGPopulation[],11,FALSE)","v":839480.36770545447},"E54000041","Dorset"]
["NHS Fareham and Gosport CCG","NHS Fareham and Gosport CCG",{"$f":"VLOOKUP('STP Weighted population calc'!$B114,CCGPopulation[],11,FALSE)","v":201724.83916502452},{"$f":"SUM(C114:C120)","v":1837886.0110291082},"E54000042","Hampshire and the Isle of Wight"]
["NHS Isle of Wight CCG","NHS Isle of Wight CCG",{"$f":"VLOOKUP('STP Weighted population calc'!$B115,CCGPopulation[],11,FALSE)","v":152769.18560202897},null,"E54000042"]
["NHS North Hampshire CCG","NHS North Hampshire CCG",{"$f":"VLOOKUP('STP Weighted population calc'!$B116,CCGPopulation[],11,FALSE)","v":213267.90479229557},null,"E54000042"]
["NHS Portsmouth CCG","NHS Portsmouth CCG",{"$f":"VLOOKUP('STP Weighted population calc'!$B117,CCGPopulation[],11,FALSE)","v":216609.49594176194},null,"E54000042"]
["NHS South Eastern Hampshire CCG","NHS South Eastern Hampshire CCG",{"$f":"VLOOKUP('STP Weighted population calc'!$B118,CCGPopulation[],11,FALSE)","v":219455.22504245554},null,"E54000042"]
["NHS Southampton CCG","NHS Southampton CCG",{"$f":"VLOOKUP('STP Weighted population calc'!$B119,CCGPopulation[],11,FALSE)","v":274192.11687345663},null,"E54000042"]
["NHS West Hampshire CCG","NHS West Hampshire CCG",{"$f":"VLOOKUP('STP Weighted population calc'!$B120,CCGPopulation[],11,FALSE)","v":559867.243612085},null,"E54000042"]
["NHS Gloucestershire CCG","NHS Gloucestershire CCG",{"$f":"VLOOKUP('STP Weighted population calc'!$B121,CCGPopulation[],11,FALSE)","v":615442.57662557694},{"$f":"VLOOKUP('STP Weighted population calc'!$B121,CCGPopulation[],11,FALSE)","v":615442.57662557694},"E54000043","Gloucestershire"]
["NHS Oxfordshire CCG","NHS Oxfordshire CCG",{"$f":"VLOOKUP('STP Weighted population calc'!$B122,CCGPopulation[],11,FALSE)","v":634798.29171723267},{"$f":"SUM(C122:C128)","v":1607013.9879016904},"E54000044","Buckinghamshire, Oxfordshire and Berkshire West","Merger - Chiltern CCG and Aylesbury Vale CCG now Buckinghamshire CCG, and South Reading CCG, North and West Reading CCG, Newbury and District CCG and Wokingham CCG now Berkshire West CCG"]
["NHS Berkshire West CCG","NHS South Reading CCG",{"$f":"VLOOKUP('STP Weighted population calc'!$B123,CCGPopulation[],11,FALSE)","v":114509.28001517599},null,"E54000044"]
["NHS Berkshire West CCG","NHS North and West Reading CCG",{"$f":"VLOOKUP('STP Weighted population calc'!$B124,CCGPopulation[],11,FALSE)","v":104808.58409026408},null,"E54000044"]
["NHS Berkshire West CCG","NHS Newbury and District CCG",{"$f":"VLOOKUP('STP Weighted population calc'!$B125,CCGPopulation[],11,FALSE)","v":108571.67388987778},null,"E54000044"]
["NHS Berkshire West CCG","NHS Wokingham CCG",{"$f":"VLOOKUP('STP Weighted population calc'!$B126,CCGPopulation[],11,FALSE)","v":140326.96931553615},null,"E54000044"]
["NHS Buckinghamshire CCG","NHS Chiltern CCG",{"$f":"VLOOKUP('STP Weighted population calc'!$B127,CCGPopulation[],11,FALSE)","v":307095.18067295494},null,"E54000044"]
["NHS Buckinghamshire CCG","NHS Aylesbury Vale CCG",{"$f":"VLOOKUP('STP Weighted population calc'!$B128,CCGPopulation[],11,FALSE)","v":196904.00820064906},null,"E54000044"]
["NHS Blackburn with Darwen CCG","NHS Blackburn with Darwen CCG",{"$f":"VLOOKUP('STP Weighted population calc'!$B129,CCGPopulation[],11,FALSE)","v":183583.42078288624},{"$f":"SUM(C129:C136)","v":1681465.3716138983},"E54000048","Lancashire and South Cumbria","Merger - Lancashire North CCG now Morecombe Bay CCG"]
["NHS Blackpool CCG","NHS Blackpool CCG",{"$f":"VLOOKUP('STP Weighted population calc'!$B130,CCGPopulation[],11,FALSE)","v":214906.5715551918},null,"E54000048"]
["NHS Chorley and South Ribble CCG","NHS Chorley and South Ribble CCG",{"$f":"VLOOKUP('STP Weighted population calc'!$B131,CCGPopulation[],11,FALSE)","v":187066.55126961868},null,"E54000048"]
["NHS East Lancashire CCG","NHS East Lancashire CCG",{"$f":"VLOOKUP('STP Weighted population calc'!$B132,CCGPopulation[],11,FALSE)","v":417665.79764369712},null,"E54000048"]
["NHS West Lancashire CCG","NHS West Lancashire CCG",{"$f":"VLOOKUP('STP Weighted population calc'!$B133,CCGPopulation[],11,FALSE)","v":118401.35344841983},null,"E54000048"]
["NHS Fylde and Wyre CCG","NHS Fylde and Wyre CCG",{"$f":"VLOOKUP('STP Weighted population calc'!$B134,CCGPopulation[],11,FALSE)","v":173878.94166902729},null,"E54000048"]
["NHS Greater Preston CCG","NHS Greater Preston CCG",{"$f":"VLOOKUP('STP Weighted population calc'!$B135,CCGPopulation[],11,FALSE)","v":219062.09705521099},null,"E54000048"]
["NHS Morecambe Bay CCG","NHS Lancashire North CCG",{"$f":"VLOOKUP('STP Weighted population calc'!$B136,CCGPopulation[],11,FALSE)","v":166900.63818984633},null,"E54000048"]
["NHS Darlington CCG","NHS Darlington CCG",{"$f":"VLOOKUP('STP Weighted population calc'!$B137,CCGPopulation[],11,FALSE)","v":119281.24416736301},{"$f":"SUM(C137:C148)","v":3793912.527149423},"E54000049","Cumbria and North East STP","Now Durham, Darlington, Teesside, Hambleton, Richmondshire and Whitby"]
["NHS Durham Dales, Easington and Sedgefield CCG","NHS Durham Dales, Easington and Sedgefield CCG",{"$f":"VLOOKUP('STP Weighted population calc'!$B138,CCGPopulation[],11,FALSE)","v":348902.45424833865},null,"E54000049"]
["NHS Hambleton, Richmondshire and Whitby CCG","NHS Hambleton, Richmondshire and Whitby CCG",{"$f":"VLOOKUP('STP Weighted population calc'!$B139,CCGPopulation[],11,FALSE)","v":143479.63948395918},null,"E54000049"]
["NHS Hartlepool and Stockton-on-Tees CCG","NHS Hartlepool and Stockton-on-Tees CCG",{"$f":"VLOOKUP('STP Weighted population calc'!$B140,CCGPopulation[],11,FALSE)","v":332472.22101294168},null,"E54000049"]
["NHS South Tees CCG","NHS South Tees CCG",{"$f":"VLOOKUP('STP Weighted population calc'!$B141,CCGPopulation[],11,FALSE)","v":339943.98661869083},null,"E54000049"]
["NHS North Durham CCG","NHS North Durham CCG",{"$f":"VLOOKUP('STP Weighted population calc'!$B142,CCGPopulation[],11,FALSE)","v":268183.99333661393},null,"E54000049"]
["NHS North Tyneside CCG","NHS North Tyneside CCG",{"$f":"VLOOKUP('STP Weighted population calc'!$B143,CCGPopulation[],11,FALSE)","v":244692.68532481146},null,"E54000049",null,"Now Northumberland, Tyne and Wear and North Durham"]
["NHS Northumberland CCG","NHS Northumberland CCG",{"$f":"VLOOKUP('STP Weighted population calc'!$B144,CCGPopulation[],11,FALSE)","v":358424.25204523653},null,"Now Durh+E144"]
["NHS South Tyneside CCG","NHS South Tyneside CCG",{"$f":"VLOOKUP('STP Weighted population calc'!$B145,CCGPopulation[],11,FALSE)","v":186481.38663214102},null,"E54000049"]
["NHS Sunderland CCG","NHS Sunderland CCG",{"$f":"VLOOKUP('STP Weighted population calc'!$B146,CCGPopulation[],11,FALSE)","v":314651.63894625386},null,"E54000049"]
["NHS Newcastle and Gateshead CCG","NHS Newcastle and Gateshead CCG",{"$f":"VLOOKUP('STP Weighted population calc'!$B147,CCGPopulation[],11,FALSE)","v":560217.22912822734},null,"E54000049"]
["NHS Cumbria CCG","NHS Cumbria CCG",{"$f":"VLOOKUP('STP Weighted population calc'!$B148,CCGPopulation[],11,FALSE)","v":577181.79620484519},null,"E54000049",null,"Now North Cumbria STP"]
["NHS Dudley CCG","NHS Dudley CCG",{"$f":"VLOOKUP('STP Weighted population calc'!$B149,CCGPopulation[],11,FALSE)","v":344554.89576981758},{"$f":"SUM(C149:C152)","v":1493614.9347897507},"E54000016","The Black Country and West Birmingham STP"]
["NHS Sandwell and West Birmingham CCG","NHS Sandwell and West Birmingham CCG",{"$f":"VLOOKUP('STP Weighted population calc'!$B150,CCGPopulation[],11,FALSE)","v":574345.39182818995},null,"E54000016"]
["NHS Walsall CCG","NHS Walsall CCG",{"$f":"VLOOKUP('STP Weighted population calc'!$B151,CCGPopulation[],11,FALSE)","v":289908.93501967663},null,"E54000016"]
["NHS Wolverhampton CCG","NHS Wolverhampton CCG",{"$f":"VLOOKUP('STP Weighted population calc'!$B152,CCGPopulation[],11,FALSE)","v":284805.7121720665},null,"E54000016"]
["NHS Birmingham and Solihull CCG","NHS Solihull CCG",{"$f":"VLOOKUP('STP Weighted population calc'!$B153,CCGPopulation[],11,FALSE)","v":250012.26845323993},{"$f":"SUM(C153:C155)","v":1295062.0853851782},"E54000017","Birmingham and Solihull"]
["NHS Birmingham and Solihull CCG","NHS Birmingham CrossCity CCG",{"$f":"VLOOKUP('STP Weighted population calc'!$B154,CCGPopulation[],11,FALSE)","v":751114.53855928942},null,"E54000017"]
["NHS Birmingham and Solihull CCG","NHS Birmingham South and Central CCG",{"$f":"VLOOKUP('STP Weighted population calc'!$B155,CCGPopulation[],11,FALSE)","v":293935.27837264899},null,"E54000017"]
["NHS Coventry and Rugby CCG","NHS Coventry and Rugby CCG",{"$f":"VLOOKUP('STP Weighted population calc'!$B156,CCGPopulation[],11,FALSE)","v":495038.13042119076},{"$f":"SUM(C156:C158)","v":961446.98397556017},"E54000018","Coventry and Warwickshire"]
["NHS South Warwickshire CCG","NHS South Warwickshire CCG",{"$f":"VLOOKUP('STP Weighted population calc'!$B157,CCGPopulation[],11,FALSE)","v":272361.90133331757},null,"E54000018"]
["NHS Warwickshire North CCG","NHS Warwickshire North CCG",{"$f":"VLOOKUP('STP Weighted population calc'!$B158,CCGPopulation[],11,FALSE)","v":194046.95222105179},null,"E54000018"]
["NHS Herefordshire CCG","NHS Herefordshire CCG",{"$f":"VLOOKUP('STP Weighted population calc'!$B159,CCGPopulation[],11,FALSE)","v":186174.06478890611},{"$f":"SUM(C159:C162)","v":754655.06680601195},"E54000019","Herefordshire and Worcestershire"]
["NHS Redditch and Bromsgrove CCG","NHS Redditch and Bromsgrove CCG",{"$f":"VLOOKUP('STP Weighted population calc'!$B160,CCGPopulation[],11,FALSE)","v":165824.87814647649},null,"E54000019"]
["NHS South Worcestershire CCG","NHS South Worcestershire CCG",{"$f":"VLOOKUP('STP Weighted population calc'!$B161,CCGPopulation[],11,FALSE)","v":287780.30789102532},null,"E54000019"]
["NHS Wyre Forest CCG","NHS Wyre Forest CCG",{"$f":"VLOOKUP('STP Weighted population calc'!$B162,CCGPopulation[],11,FALSE)","v":114875.81597960401},null,"E54000019"]
["NHS Corby CCG","NHS Corby CCG",{"$f":"VLOOKUP('STP Weighted population calc'!$B163,CCGPopulation[],11,FALSE)","v":81918.836777590041},{"$f":"SUM(C163:C164)","v":732049.51060180366},"E54000020","Northamptonshire"]
["NHS Nene CCG","NHS Nene CCG",{"$f":"VLOOKUP('STP Weighted population calc'!$B164,CCGPopulation[],11,FALSE)","v":650130.67382421368},null,"E54000020"]
["NHS Cambridgeshire and Peterborough CCG","NHS Cambridgeshire and Peterborough CCG",{"$f":"VLOOKUP('STP Weighted population calc'!$B165,CCGPopulation[],11,FALSE)","v":836822.22535844112},{"$f":"VLOOKUP('STP Weighted population calc'!$B165,CCGPopulation[],11,FALSE)","v":836822.22535844112},"E54000021","Cambridgeshire and Peterborough"]
["NHS Great Yarmouth and Waveney CCG","NHS Great Yarmouth and Waveney CCG",{"$f":"VLOOKUP('STP Weighted population calc'!$B166,CCGPopulation[],11,FALSE)","v":261646.22210990923},{"$f":"SUM(C166:C170)","v":1062780.4479337935},"E54000022","Norfolk and Waveney"]
["NHS North Norfolk CCG","NHS North Norfolk CCG",{"$f":"VLOOKUP('STP Weighted population calc'!$B167,CCGPopulation[],11,FALSE)","v":183170.12048002248},null,"E54000022"]
["NHS West Norfolk CCG","NHS West Norfolk CCG",{"$f":"VLOOKUP('STP Weighted population calc'!$B168,CCGPopulation[],11,FALSE)","v":195842.7014458575},null,"E54000022"]
["NHS Norwich CCG","NHS Norwich CCG",{"$f":"VLOOKUP('STP Weighted population calc'!$B169,CCGPopulation[],11,FALSE)","v":199088.03152819874},null,"E54000022"]
["NHS South Norfolk CCG","NHS South Norfolk CCG",{"$f":"VLOOKUP('STP Weighted population calc'!$B170,CCGPopulation[],11,FALSE)","v":223033.37236980561},null,"E54000022"]
["NHS Ipswich and East Suffolk CCG","NHS Ipswich and East Suffolk CCG",{"$f":"VLOOKUP('STP Weighted population calc'!$B171,CCGPopulation[],11,FALSE)","v":392146.37122410751},{"$f":"SUM(C171:C173)","v":1016634.1852733488},"E54000023","Suffolk and North East Essex"]
["NHS North East Essex CCG","NHS North East Essex CCG",{"$f":"VLOOKUP('STP Weighted population calc'!$B172,CCGPopulation[],11,FALSE)","v":377507.02109045809},null,"E54000023"]
["NHS West Suffolk CCG","NHS West Suffolk CCG",{"$f":"VLOOKUP('STP Weighted population calc'!$B173,CCGPopulation[],11,FALSE)","v":246980.79295878322},null,"E54000023"]
["NHS Bedfordshire CCG","NHS Bedfordshire CCG",{"$f":"VLOOKUP('STP Weighted population calc'!$B174,CCGPopulation[],11,FALSE)","v":459634.08708319801},{"$f":"SUM(C174:C176)","v":947194.36051482102},"E54000024","Milton Keynes, Bedfordshire and Luton"]
["NHS Luton CCG","NHS Luton CCG",{"$f":"VLOOKUP('STP Weighted population calc'!$B175,CCGPopulation[],11,FALSE)","v":228839.42387784386},null,"E54000024"]
["NHS Milton Keynes CCG","NHS Milton Keynes CCG",{"$f":"VLOOKUP('STP Weighted population calc'!$B176,CCGPopulation[],11,FALSE)","v":258720.84955377912},null,"E54000024"]
["NHS East and North Hertfordshire CCG","NHS East and North Hertfordshire CCG",{"$f":"VLOOKUP('STP Weighted population calc'!$B177,CCGPopulation[],11,FALSE)","v":592182.84472571942},{"$f":"SUM(C177:C179)","v":1536665.2523193834},"E54000025","Hertfordshire and West Essex"]
["NHS Herts Valleys CCG","NHS Herts Valleys CCG",{"$f":"VLOOKUP('STP Weighted population calc'!$B178,CCGPopulation[],11,FALSE)","v":630372.86434806499},null,"E54000025"]
["NHS West Essex CCG","NHS West Essex CCG",{"$f":"VLOOKUP('STP Weighted population calc'!$B179,CCGPopulation[],11,FALSE)","v":314109.54324559908},null,"E54000025"]
["NHS Basildon and Brentwood CCG","NHS Basildon and Brentwood CCG",{"$f":"VLOOKUP('STP Weighted population calc'!$B180,CCGPopulation[],11,FALSE)","v":277159.09005587385},{"$f":"SUM(C180:C184)","v":1203116.4853629682},"E54000026","Mid and South Essex"]
["NHS Castle Point and Rochford CCG","NHS Castle Point and Rochford CCG",{"$f":"VLOOKUP('STP Weighted population calc'!$B181,CCGPopulation[],11,FALSE)","v":186100.92056424191},null,"E54000026"]
["NHS Mid Essex CCG","NHS Mid Essex CCG",{"$f":"VLOOKUP('STP Weighted population calc'!$B182,CCGPopulation[],11,FALSE)","v":372052.30549121188},null,"E54000026"]
["NHS Southend CCG","NHS Southend CCG",{"$f":"VLOOKUP('STP Weighted population calc'!$B183,CCGPopulation[],11,FALSE)","v":199440.37951287671},null,"E54000026"]
["NHS Thurrock CCG","NHS Thurrock CCG",{"$f":"VLOOKUP('STP Weighted population calc'!$B184,CCGPopulation[],11,FALSE)","v":168363.78973876376},null,"E54000026"]
["NHS Brent CCG","NHS Brent CCG",{"$f":"VLOOKUP('STP Weighted population calc'!$B185,CCGPopulation[],11,FALSE)","v":332473.31554887269},{"$f":"SUM(C185:C192)","v":2172133.4037589701},"E54000027","North West London"]
["NHS Central London (Westminster) CCG","NHS Central London (Westminster) CCG",{"$f":"VLOOKUP('STP Weighted population calc'!$B186,CCGPopulation[],11,FALSE)","v":185362.27097866201},null,"E54000027"]
["NHS Ealing CCG","NHS Ealing CCG",{"$f":"VLOOKUP('STP Weighted population calc'!$B187,CCGPopulation[],11,FALSE)","v":405523.38072307204},null,"E54000027"]
["NHS Hammersmith and Fulham CCG","NHS Hammersmith and Fulham CCG",{"$f":"VLOOKUP('STP Weighted population calc'!$B188,CCGPopulation[],11,FALSE)","v":197504.58759102219},null,"E54000027"]
["NHS Harrow CCG","NHS Harrow CCG",{"$f":"VLOOKUP('STP Weighted population calc'!$B189,CCGPopulation[],11,FALSE)","v":241891.58673063619},null,"E54000027"]
["NHS Hillingdon CCG","NHS Hillingdon CCG",{"$f":"VLOOKUP('STP Weighted population calc'!$B190,CCGPopulation[],11,FALSE)","v":299019.95390505588},null,"E54000027"]
["NHS Hounslow CCG","NHS Hounslow CCG",{"$f":"VLOOKUP('STP Weighted population calc'!$B191,CCGPopulation[],11,FALSE)","v":286608.95243009942},null,"E54000027"]
["NHS West London (Kensington and Chelsea, Queen's Park and Paddington) CCG","NHS West London (Kensington and Chelsea, Queen's Park and Paddington) CCG",{"$f":"VLOOKUP('STP Weighted population calc'!$B192,CCGPopulation[],11,FALSE)","v":223749.35585154951},null,"E54000027"]
["NHS Barnet CCG","NHS Barnet CCG",{"$f":"VLOOKUP('STP Weighted population calc'!$B193,CCGPopulation[],11,FALSE)","v":388769.38818251307},{"$f":"SUM(C193:C197)","v":1523650.943418425},"E54000028","North Central London"]
["NHS Camden CCG","NHS Camden CCG",{"$f":"VLOOKUP('STP Weighted population calc'!$B194,CCGPopulation[],11,FALSE)","v":249049.83793802845},null,"E54000028"]
["NHS Enfield CCG","NHS Enfield CCG",{"$f":"VLOOKUP('STP Weighted population calc'!$B195,CCGPopulation[],11,FALSE)","v":332292.1531426913},null,"E54000028"]
["NHS Haringey CCG","NHS Haringey CCG",{"$f":"VLOOKUP('STP Weighted population calc'!$B196,CCGPopulation[],11,FALSE)","v":293045.49584757682},null,"E54000028"]
["NHS Islington CCG","NHS Islington CCG",{"$f":"VLOOKUP('STP Weighted population calc'!$B197,CCGPopulation[],11,FALSE)","v":260494.06830761538},null,"E54000028"]
["NHS Barking and Dagenham CCG","NHS Barking and Dagenham CCG",{"$f":"VLOOKUP('STP Weighted population calc'!$B198,CCGPopulation[],11,FALSE)","v":219147.12521161488},{"$f":"SUM(C198:C204)","v":2008990.01963854},"E54000029","North East London"]
["NHS City and Hackney CCG","NHS City and Hackney CCG",{"$f":"VLOOKUP('STP Weighted population calc'!$B199,CCGPopulation[],11,FALSE)","v":294523.65720015246},null,"E54000029"]
["NHS Havering CCG","NHS Havering CCG",{"$f":"VLOOKUP('STP Weighted population calc'!$B200,CCGPopulation[],11,FALSE)","v":292569.05800036818},null,"E54000029"]
["NHS Newham CCG","NHS Newham CCG",{"$f":"VLOOKUP('STP Weighted population calc'!$B201,CCGPopulation[],11,FALSE)","v":337744.76679769118},null,"E54000029"]
["NHS Redbridge CCG","NHS Redbridge CCG",{"$f":"VLOOKUP('STP Weighted population calc'!$B202,CCGPopulation[],11,FALSE)","v":287969.3088249616},null,"E54000029"]
["NHS Tower Hamlets CCG","NHS Tower Hamlets CCG",{"$f":"VLOOKUP('STP Weighted population calc'!$B203,CCGPopulation[],11,FALSE)","v":286949.32296838495},null,"E54000029"]
["NHS Waltham Forest CCG","NHS Waltham Forest CCG",{"$f":"VLOOKUP('STP Weighted population calc'!$B204,CCGPopulation[],11,FALSE)","v":290086.78063536691},null,"E54000029"]
["NHS Bexley CCG","NHS Bexley CCG",{"$f":"VLOOKUP('STP Weighted population calc'!$B205,CCGPopulation[],11,FALSE)","v":252658.05421430295},{"$f":"SUM(C205:C210)","v":1956303.1144570503},"E54000030","South East London"]
["NHS Bromley CCG","NHS Bromley CCG",{"$f":"VLOOKUP('STP Weighted population calc'!$B206,CCGPopulation[],11,FALSE)","v":358936.90925329481},null,"E54000030"]
["NHS Greenwich CCG","NHS Greenwich CCG",{"$f":"VLOOKUP('STP Weighted population calc'!$B207,CCGPopulation[],11,FALSE)","v":306807.97473742103},null,"E54000030"]
["NHS Lambeth CCG","NHS Lambeth CCG",{"$f":"VLOOKUP('STP Weighted population calc'!$B208,CCGPopulation[],11,FALSE)","v":383249.02292271476},null,"E54000030"]
["NHS Lewisham CCG","NHS Lewisham CCG",{"$f":"VLOOKUP('STP Weighted population calc'!$B209,CCGPopulation[],11,FALSE)","v":332668.88711231027},null,"E54000030"]
["NHS Southwark CCG","NHS Southwark CCG",{"$f":"VLOOKUP('STP Weighted population calc'!$B210,CCGPopulation[],11,FALSE)","v":321982.26621700637},null,"E54000030"]
["TOTAL",null,null,{"$f":"SUM(D2:D210)","v":58592211.479955882}]

{"sheet":"Sources","index":2,"n_rows":4,"n_cols":2,"rows_kept":4,"cut":false,"hidden":false,"merged":[]}
["[1] ","Mental Health Five Year Forward View Dashboard Q1 2018/19: https://www.england.nhs.uk/publication/mental-health-five-year-forward-view-dashboard/"]
["[2]","Mental Health Five Year Forward View Dashboard Q1 2018/19: https://www.england.nhs.uk/publication/mental-health-five-year-forward-view-dashboard/"]
["[3] ","NHS England overall weighted CCG populations 2018-19: https://www.england.nhs.uk/publication/nhs-england-allocations-2016-17-to-2020-21-overall-weighted-populations-for-core-ccg-allocations/"]
["[4] ","ONS Clinical Commissioning Group to STPs (April 2018) Lookup in England: https://data.gov.uk/dataset/00b07fa3-610b-4a1d-8d1b-476a8d0f3387/clinical-commissioning-group-to-stps-april-2018-lookup-in-england"]

{"sheet":"CCG Weighted Population","index":3,"n_rows":212,"n_cols":12,"rows_kept":212,"cut":false,"hidden":true,"merged":[]}
["Clinical Commissioning Group","Total weighted populations 2015 populations","Shares of weighted populations","Column1","Total weighted populations uplifted by ONS population growth to 2016","Shares of weighted populations2","Column3","Total weighted populations uplifted by ONS population growth to 2017","Shares of weighted populations4","Column5","Total weighted populations uplifted by ONS population growth to 2018-19","Shares of weighted populations3"]
["NHS Eastern Cheshire CCG",206514.20214451282,3.6022529146023984E-3,null,207552.97797202974,3.5935018987083667E-3,null,208533.82591798509,3.5846737688998058E-3,null,209587.97019490247,3.5770619490374002E-3]
["NHS South Cheshire CCG",187157.01819041921,3.2646031472109345E-3,null,187841.11977760156,3.2522174683867091E-3,null,188561.16494151735,3.2413459007119816E-3,null,189232.09641790992,3.2296459143318942E-3]
["NHS Vale Royal CCG",108463.66401570103,1.8919451823250584E-3,null,108673.97989613314,1.881544446688578E-3,null,108908.81994780501,1.8721307603221703E-3,null,109135.56913103393,1.8626292876548726E-3]
["NHS Warrington CCG",221660.1551578638,3.8664456568942591E-3,null,223394.02774290615,3.8677684642155568E-3,null,225105.68694011957,3.869542256045206E-3,null,226810.49485878507,3.8710007547056958E-3]
["NHS West Cheshire CCG",274851.27633175929,4.7942649995346871E-3,null,275694.72816446371,4.7732850610141446E-3,null,276439.82871216408,4.7519705654534075E-3,null,277241.90814195253,4.7317194749816795E-3]
["NHS Wirral CCG",406847.42056179699,7.0966901612492406E-3,null,407638.87975454086,7.0577213716620365E-3,null,408476.67933399568,7.0216696556066318E-3,null,409345.87286864076,6.9863530071514E-3]
["NHS Darlington CCG",118631.1778013322,2.0692983899408724E-3,null,118848.72631459394,2.0577065568681886E-3,null,119055.48199835443,2.046550776520409E-3,null,119281.24416736301,2.0357866882728688E-3]
["NHS Durham Dales, Easington and Sedgefield CCG",344276.11603872414,6.0052511137255911E-3,null,345802.35448522202,5.9871047361600852E-3,null,347347.97141329857,5.970873820228627E-3,null,348902.45424833865,5.9547582423595041E-3]
["NHS North Durham CCG",265075.35212489998,4.6237423376479835E-3,null,266185.1064056824,4.6086386937103504E-3,null,267186.74539228919,4.5929110703706042E-3,null,268183.99333661393,4.5771270031061771E-3]
["NHS Hartlepool and Stockton-on-Tees CCG",327333.61644027557,5.7097209858922842E-3,null,329048.77676810283,5.6970389711449515E-3,null,330768.05785314308,5.6858669108311539E-3,null,332472.22101294168,5.6743415654600896E-3]
["NHS South Tees CCG",338086.97307563433,5.897293123204049E-3,null,338741.8404203839,5.8648613892047256E-3,null,339333.35867281148,5.8331034995996204E-3,null,339943.98661869083,5.8018630468485372E-3]
["NHS Bolton CCG",328610.46358348936,5.7319931894278305E-3,null,330661.03412237967,5.7249530484104732E-3,null,332690.63118272874,5.7189157370971747E-3,null,334724.21231981867,5.712776559634143E-3]
["NHS Bury CCG",209645.78406996644,3.6568774876396923E-3,null,210830.12116161498,3.65024124491857E-3,null,212004.76438375982,3.6443388233194252E-3,null,213189.56593861774,3.63853079707614E-3]
["NHS Central Manchester CCG",216181.36054144392,3.7708783609380434E-3,null,217854.25815367553,3.7718547715679387E-3,null,219287.78295309734,3.7695331197794262E-3,null,220653.6385949339,3.7659209820134262E-3]
["NHS Oldham CCG",263191.72945251776,4.5908860730853561E-3,null,264330.25416142988,4.5765244107611406E-3,null,265487.59410750883,4.5637028447355933E-3,null,266660.67890999548,4.551128420903155E-3]
["NHS Heywood, Middleton and Rochdale CCG",259193.54917351203,4.5211453171780424E-3,null,259851.12039829668,4.4989742072436703E-3,null,260518.53131781268,4.4782851962566102E-3,null,261232.84424406203,4.458490943517782E-3]
["NHS Salford CCG",303645.91546495585,5.2965334714623336E-3,null,306953.6452656007,5.3144913547134853E-3,null,310078.59645639954,5.3302173214415634E-3,null,313157.57378532359,5.3446962638106455E-3]
["NHS North Manchester CCG",239728.10962158476,4.1816072339285462E-3,null,241781.15031775233,4.1861168711143371E-3,null,243673.87257958221,4.1887273460651901E-3,null,245473.92424832867,4.1895316467497395E-3]
["NHS South Manchester CCG",184180.53676839743,3.2126840115466724E-3,null,185795.66453756156,3.2168031497841723E-3,null,187322.41266911069,3.2200518839858531E-3,null,188813.08456686433,3.2224945909654955E-3]
["NHS Stockport CCG",333969.92259094503,5.8254788995137138E-3,null,335585.42728308396,5.810212322191464E-3,null,337229.55925696774,5.7969394166370418E-3,null,338933.7662695843,5.784621500172114E-3]
["NHS Tameside and Glossop CCG",276265.87778211641,4.8189400685838555E-3,null,277906.97607335408,4.811587171341284E-3,null,279542.27883529221,4.8053013453723988E-3,null,281192.88852296368,4.7991513107362108E-3]
["NHS Trafford CCG",238756.15397159706,4.1646532906322769E-3,null,240487.0592657635,4.1637114173460462E-3,null,242200.88859912075,4.1634069117734099E-3,null,243955.85099060135,4.1636225161778943E-3]
["NHS Wigan Borough CCG",362664.63999774429,6.3260044243393741E-3,null,364737.93584466027,6.3149489725239588E-3,null,366832.84494381835,6.3058166753156217E-3,null,368954.55061238894,6.2969896730831936E-3]
["NHS Blackburn with Darwen CCG",182481.75925954341,3.1830520241628302E-3,null,182847.4960372143,3.1657595598187332E-3,null,183216.03976411285,3.1494637807221843E-3,null,183583.42078288624,3.1332393187734372E-3]
["NHS Blackpool CCG",214833.95047330455,3.7473753195262803E-3,null,214799.88953175698,3.7189724687001924E-3,null,214835.82439357293,3.6930044367309857E-3,null,214906.5715551918,3.6678351290548267E-3]
["NHS Chorley and South Ribble CCG",183380.67888791542,3.19873199104971E-3,null,184590.12401889465,3.1959308299305722E-3,null,185834.29650073501,3.1944713290309461E-3,null,187066.55126961868,3.1926863066708646E-3]
["NHS East Lancashire CCG",414816.73666642047,7.235699933299586E-3,null,415720.89290421782,7.1976506074770191E-3,null,416662.73183979635,7.1623870071403882E-3,null,417665.79764369712,7.1283501184552216E-3]
["NHS Greater Preston CCG",217520.79494838091,3.7942422818994263E-3,null,218077.996618034,3.7757285034909498E-3,null,218549.0566828881,3.756834495603904E-3,null,219062.09705521099,3.7387579598382454E-3]
["NHS Lancashire North CCG",165561.82843004283,2.8879155661734254E-3,null,166030.17062880844,2.874590088887572E-3,null,166470.851465449,2.8616158165596884E-3,null,166900.63818984633,2.8485123529932328E-3]
["NHS West Lancashire CCG",118095.75515184112,2.0599589460689989E-3,null,118209.75278880171,2.0466435858590799E-3,null,118306.90313447762,2.0336827873321832E-3,null,118401.35344841983,2.0207694923569204E-3]
["NHS Fylde and Wyre CCG",171940.38617822374,2.9991775423510521E-3,null,172580.74294462462,2.9880044772741558E-3,null,173212.23277521887,2.9774994274842188E-3,null,173878.94166902729,2.9676118596156822E-3]
["NHS Halton CCG",151727.31727439255,2.6465984673248572E-3,null,152087.68172988901,2.6331945626921387E-3,null,152433.84935610296,2.6203212782090913E-3,null,152786.84349263957,2.6076305985635504E-3]
["NHS Knowsley CCG",204572.86744507949,3.5683899719735962E-3,null,204763.97660891406,3.5452140745981914E-3,null,204978.50397264963,3.5235581716515675E-3,null,205175.35068724258,3.5017512653099294E-3]
["NHS South Sefton CCG",183882.49519563396,3.20748523532203E-3,null,183938.08398456289,3.1846416298222471E-3,null,184035.33694663024,3.1635474101102466E-3,null,184165.92263084845,3.1431809446866611E-3]
["NHS Southport and Formby CCG",142333.59220038692,2.4827425524511135E-3,null,142602.48866595313,2.4689711455294014E-3,null,142866.49590635637,2.4558595138016808E-3,null,143167.99100244651,2.4434645388222548E-3]
["NHS St Helens CCG",232685.13400849007,4.0587557342917791E-3,null,233698.27140748917,4.0461726458140635E-3,null,234715.3794538939,4.0347318243547023E-3,null,235716.73188568989,4.0230045245233208E-3]
["NHS Liverpool CCG",595687.12812512484,1.0390644668487652E-2,null,597069.53293151571,1.0337459482462645E-2,null,598345.13117077097,1.0285487675751654E-2,null,599637.6290533283,1.0234084256376997E-2]
["NHS Newcastle and Gateshead CCG",554746.25412177842,9.6765079109501616E-3,null,556716.26080808276,9.638796608956713E-3,null,558449.90343245806,9.5996930534726771E-3,null,560217.22912822734,9.5612917652011607E-3]
["NHS Northumberland CCG",356398.30209173419,6.2166999128268315E-3,null,357050.99881604547,6.1818599507355004E-3,null,357727.76209984656,6.1493012923039382E-3,null,358424.25204523653,6.1172678585079791E-3]
["NHS South Tyneside CCG",184891.90615232696,3.2250925161919162E-3,null,185403.69130775199,3.2100166581648937E-3,null,185937.5011792391,3.1962454062207392E-3,null,186481.38663214102,3.1826992346232798E-3]
["NHS Sunderland CCG",313503.62211646111,5.4684826747032397E-3,null,313897.99449337204,5.4347234630605567E-3,null,314273.24920842063,5.4023229456664178E-3,null,314651.63894625386,5.3701956454382084E-3]
["NHS Cumbria CCG",576994.35207382787,1.006458425078488E-2,null,576964.53052994981,9.989368286617218E-3,null,577048.21209472034,9.9193959549757366E-3,null,577181.79620484519,9.8508279791128216E-3]
["NHS North Tyneside CCG",240221.37712243665,4.1902113602993755E-3,null,241722.0846040039,4.1850942273701829E-3,null,243203.36885726309,4.1806394382922305E-3,null,244692.68532481146,4.1761981523520328E-3]
["NHS East Riding of Yorkshire CCG",306121.50067758316,5.3397154122437869E-3,null,307624.36877946794,5.3261040342526588E-3,null,309100.22748872318,5.3133992653813713E-3,null,310609.78349735204,5.3012128344670862E-3]
["NHS Hambleton, Richmondshire and Whitby CCG",142708.21045756777,2.4892770653067893E-3,null,142963.03807977855,2.4752135758516224E-3,null,143228.78430637627,2.4620872119634112E-3,null,143479.63948395918,2.4487834792349971E-3]
["NHS Harrogate and Rural District CCG",151489.80282673138,2.6424554732718433E-3,null,151922.87189014925,2.6303411009985633E-3,null,152391.70566736939,2.619596832787046E-3,null,152896.19008332907,2.6094968293803701E-3]
["NHS Hull CCG",305823.41356432013,5.3345158416505459E-3,null,306740.05570574163,5.3107933374824277E-3,null,307598.93279080041,5.2875921729380153E-3,null,308434.87640265346,5.2640934453919257E-3]
["NHS North East Lincolnshire CCG",177608.26252211395,3.098043014397847E-3,null,177853.71341416897,3.0792989004102783E-3,null,178100.08340390847,3.0615210477553351E-3,null,178366.21255807465,3.0441966270396332E-3]
["NHS North Lincolnshire CCG",175177.8417209349,3.0556488820629147E-3,null,176072.69372070869,3.0484629292157383E-3,null,176959.34441513903,3.0419118687063144E-3,null,177864.71512862534,3.0356375128368714E-3]
["NHS Scarborough and Ryedale CCG",127733.73110372222,2.2280753593858739E-3,null,127844.54086440365,2.2134570403400567E-3,null,127968.82997938141,2.1997702581081574E-3,null,128160.99661691934,2.1873384427683286E-3]
["NHS Vale of York CCG",313847.45648954617,5.4744802204396798E-3,null,315934.05917069648,5.4699751966437015E-3,null,317947.74380041944,5.4654871077390145E-3,null,319972.05677177064,5.4609998272762139E-3]
["NHS Barnsley CCG",281338.69855920487,4.9074259123648807E-3,null,283193.52900785627,4.9031167566711371E-3,null,285029.67864593631,4.8996291508211802E-3,null,286855.04107544676,4.8957879183921631E-3]
["NHS Bassetlaw CCG",122700.17158967002,2.1402743546993738E-3,null,123206.85911495042,2.1331617907363086E-3,null,123713.80374425126,2.1266268202802321E-3,null,124228.62710162952,2.1202242407956811E-3]
["NHS Doncaster CCG",338772.54514329555,5.9092516420529099E-3,null,339600.2668898009,5.8797238940836829E-3,null,340396.3365736393,5.8513759740111155E-3,null,341260.61380337965,5.8243340741648423E-3]
["NHS Rotherham CCG",271908.85360250721,4.7429399538846864E-3,null,272955.45089939708,4.7258581430807767E-3,null,273987.39301735925,4.7098134628040852E-3,null,275030.36402460153,4.6939747976348012E-3]
["NHS Sheffield CCG",566299.51745543419,9.8780329202941067E-3,null,569753.40158079728,9.8645172446143303E-3,null,573027.02452234051,9.850272178307461E-3,null,576247.98962813267,9.8348905950625207E-3]
["NHS Airedale, Wharfedale and Craven CCG",166280.64486086657,2.9004539705839217E-3,null,167289.87149553577,2.8964001226467564E-3,null,168264.80656908307,2.8924537095215246E-3,null,169233.6086988688,2.8883294285071102E-3]
["NHS Bradford Districts CCG",357017.35900547885,6.227498199572655E-3,null,359410.62889057788,6.2227137859149906E-3,null,361749.9805116239,6.2184427889892509E-3,null,364067.79686030262,6.2135868857731763E-3]
["NHS Calderdale CCG",210399.35225732639,3.6700220712619341E-3,null,211779.92103743312,3.6666857579797387E-3,null,213170.01269473269,3.664369314949316E-3,null,214577.50609347003,3.6622189310413019E-3]
["NHS Leeds North CCG",199517.31443582074,3.480205332014619E-3,null,201098.12116815962,3.4817446962473941E-3,null,202632.45692281442,3.4832298782290099E-3,null,204189.22583963128,3.484920959323806E-3]
["NHS Bradford City CCG",111815.72869150239,1.9504156634006964E-3,null,112438.18335211898,1.9467165892344325E-3,null,113010.92641582905,1.9426455239986555E-3,null,113620.78093616433,1.9391789124572198E-3]
["NHS Greater Huddersfield CCG",227224.76556717747,3.9635098483998387E-3,null,228769.68983510212,3.960840855293097E-3,null,230285.69896859242,3.9585860989772154E-3,null,231822.35622900669,3.9565387680973929E-3]
["NHS Leeds West CCG",329697.83636472741,5.750960368100284E-3,null,331948.67576831341,5.7472468393487191E-3,null,333940.4269154988,5.7403995897048841E-3,null,335770.7093159142,5.7306372440094639E-3]
["NHS Leeds South and East CCG",300419.7549543794,5.2402591524008928E-3,null,302714.14725918102,5.2410901234495695E-3,null,304899.59500823857,5.2411908502751148E-3,null,307057.38240954699,5.2405835972685498E-3]
["NHS North Kirklees CCG",182900.27228375711,3.1903521988995674E-3,null,184219.40816186706,3.1895123812572439E-3,null,185463.09662604082,3.1880904435895667E-3,null,186710.64522624831,3.1866120173689133E-3]
["NHS Wakefield CCG",388289.55527496152,6.7729830087914066E-3,null,390373.40797983226,6.7587928464694367E-3,null,392475.48708195548,6.7466109025026144E-3,null,394588.33899032755,6.7344844822133767E-3]
["NHS Coventry and Rugby CCG",477865.92442916805,8.3354747576128308E-3,null,483807.98304429516,8.3764874041664314E-3,null,489425.38043901109,8.4131690164431002E-3,null,495038.13042119076,8.4488726046898013E-3]
["NHS Herefordshire CCG",183042.5943509939,3.1928347404206452E-3,null,184106.13567026783,3.1875512197378554E-3,null,185123.17934149504,3.1822473024677705E-3,null,186174.06478890611,3.1774541374427431E-3]
["NHS Warwickshire North CCG",191104.62183634439,3.3334616886166154E-3,null,192057.27864403705,3.3252146136930694E-3,null,193036.11503613205,3.3182698057460259E-3,null,194046.95222105179,3.3118216110930416E-3]
["NHS Redditch and Bromsgrove CCG",163674.55207149414,2.8549955699085448E-3,null,164378.40341860379,2.8459919513706316E-3,null,165094.8911214949,2.8379632080185761E-3,null,165824.87814647649,2.8301522328305411E-3]
["NHS South Warwickshire CCG",267538.0895852744,4.6667001734888641E-3,null,269141.43348616792,4.6598235385664879E-3,null,270758.13100315997,4.6543028002808866E-3,null,272361.90133331757,4.6484318385301288E-3]
["NHS South Worcestershire CCG",283963.30058249575,4.953207171909709E-3,null,285238.97015344369,4.9385308312470998E-3,null,286485.25884445757,4.9246504159957865E-3,null,287780.30789102532,4.9115795533587851E-3]
["NHS Wyre Forest CCG",114196.77340644955,1.9919485225220026E-3,null,114410.7381990607,1.9808687351446043E-3,null,114633.57140345553,1.9705386147132E-3,null,114875.81597960401,1.9605987396277475E-3]
["NHS Birmingham South and Central CCG",287557.04987989611,5.0158933879010511E-3,null,289741.92376411596,5.0164934435297679E-3,null,291874.82846710418,5.0172965311615766E-3,null,293935.27837264899,5.0166271411892808E-3]
["NHS Dudley CCG",341446.91942646209,5.9559010853175087E-3,null,342444.53145006479,5.9289685264546747E-3,null,343489.88003390952,5.9045536493650581E-3,null,344554.89576981758,5.8805579626856723E-3]
["NHS Sandwell and West Birmingham CCG",559745.94614598947,9.7637181607988649E-3,null,564739.38410796435,9.7777062458764066E-3,null,569566.30978955561,9.790782868745098E-3,null,574345.39182818995,9.8024187399833942E-3]
["NHS Solihull CCG",245874.15830246065,4.2888135255252898E-3,null,247222.86806463808,4.2803329274038503E-3,null,248607.39450967949,4.2735340510362436E-3,null,250012.26845323993,4.2669880883190051E-3]
["NHS Walsall CCG",285328.2279711467,4.97701577012199E-3,null,286865.28110809042,4.9666882277851574E-3,null,288384.45388854697,4.957297372078822E-3,null,289908.93501967663,4.9479090769402514E-3]
["NHS Wolverhampton CCG",281667.12659172661,4.9131547233866079E-3,null,282701.38366533018,4.8945959190513253E-3,null,283735.09309316077,4.8773753660828886E-3,null,284805.7121720665,4.860811786725221E-3]
["NHS Birmingham CrossCity CCG",734194.22156930016,1.2806641127187594E-2,null,740016.07828627282,1.2812387508864395E-2,null,745557.50014464639,1.2816052274541467E-2,null,751114.53855928942,1.2819358061203096E-2]
["NHS Erewash CCG",100959.10532206736,1.7610422316019431E-3,null,101512.75098335405,1.7575573569990008E-3,null,102080.79959363911,1.7547578336550176E-3,null,102677.844489148,1.7524145598135266E-3]
["NHS Hardwick CCG",114654.91269582533,1.9999399031307465E-3,null,115121.45914370165,1.9931739166407871E-3,null,115622.34796980963,1.9875355762618094E-3,null,116127.35876229008,1.9819589639830651E-3]
["NHS Mansfield and Ashfield CCG",208709.19698240314,3.6405404825769951E-3,null,209747.90098644749,3.6315040516858672E-3,null,210775.60848014842,3.6232097671283353E-3,null,211811.6504611313,3.6150137554304628E-3]
["NHS Newark and Sherwood CCG",135363.68863388526,2.3611656576118965E-3,null,136197.00079218738,2.3580686999878464E-3,null,137021.2398344597,2.3553801981741475E-3,null,137846.07734410913,2.3526348274337718E-3]
["NHS North Derbyshire CCG",298461.25472209521,5.206096789247495E-3,null,299544.41506673145,5.1862104548306993E-3,null,300654.30587238417,5.1682147921238691E-3,null,301799.96567272872,5.1508546622441942E-3]
["NHS Nottingham City CCG",342200.52210057218,5.9690462704964226E-3,null,344169.41242554539,5.9588325309175294E-3,null,345899.85333580064,5.9459808281021693E-3,null,347616.56959182018,5.9328119013008747E-3]
["NHS Nottingham North and East CCG",151683.3204598265,2.6458310254159813E-3,null,152619.20891487022,2.6423972441815004E-3,null,153557.28549242823,2.6396330231079897E-3,null,154497.94578507583,2.6368341778314473E-3]
["NHS Nottingham West CCG",94374.597199810698,1.6461878374328472E-3,null,95055.519703442464,1.6457590436648099E-3,null,95709.657890306145,1.645238601265048E-3,null,96359.564385621386,1.6445797479172721E-3]
["NHS Rushcliffe CCG",113658.5598788694,1.9825603970164878E-3,null,114494.40492477399,1.9823173124700038E-3,null,115330.34569659317,1.9825160889692783E-3,null,116148.09619290763,1.9823128920921731E-3]
["NHS Southern Derbyshire CCG",541445.72866379097,9.4445051910439955E-3,null,545456.45615211222,9.443848168295129E-3,null,549379.5454897763,9.44377458773441E-3,null,553264.32982786663,9.4426258346151596E-3]
["NHS Cambridgeshire and Peterborough CCG",813404.88582801796,1.4188322596212605E-2,null,821418.54845295404,1.4221762281328227E-2,null,829120.70303393074,1.4252494636464467E-2,null,836822.22535844112,1.4282140991464602E-2]
["NHS Ipswich and East Suffolk CCG",385763.22918468103,6.7289159885698105E-3,null,387830.04459078755,6.7147579149693486E-3,null,389955.51840892708,6.7032929153085039E-3,null,392146.37122410751,6.6928071379974922E-3]
["NHS Great Yarmouth and Waveney CCG",258581.86205837678,4.510475582746031E-3,null,259549.71657854409,4.4937558036864597E-3,null,260559.58691520785,4.4789909375069865E-3,null,261646.22210990923,4.4655461110119903E-3]
["NHS North Norfolk CCG",180445.85387503248,3.1475394733113532E-3,null,181297.51422203495,3.1389237001253059E-3,null,182213.18047619439,3.1322247387227694E-3,null,183170.12048002248,3.1261854750555713E-3]
["NHS Norwich CCG",194770.44326476447,3.3974050677537922E-3,null,196298.81996420209,3.3986512221984753E-3,null,197706.97381000785,3.3985613596521688E-3,null,199088.03152819874,3.3978582903686052E-3]
["NHS South Norfolk CCG",216642.62343165738,3.7789242269047171E-3,null,218767.22234819867,3.7876615241307175E-3,null,220898.09289309295,3.7972141723678493E-3,null,223033.37236980561,3.8065361715542033E-3]
["NHS West Norfolk CCG",192085.99835788133,3.3505799613471024E-3,null,193335.47968302993,3.3473449531631729E-3,null,194584.6455501286,3.3448888767261343E-3,null,195842.7014458575,3.3424698692735683E-3]
["NHS West Suffolk CCG",241523.46468350923,4.2129238355830805E-3,null,243365.92975203696,4.2135552049883188E-3,null,245182.32677556176,4.2146575095008401E-3,null,246980.79295878322,4.2152495480269432E-3]
["NHS Mid Essex CCG",364058.24219700939,6.3503132008398203E-3,null,366662.07256590016,6.3482628234198101E-3,null,369325.13409556728,6.3486588545518174E-3,null,372052.30549121188,6.3498594112374306E-3]
["NHS North East Essex CCG",367632.94309022877,6.4126671531477605E-3,null,370935.08322400652,6.422244281374008E-3,null,374203.08886136481,6.4325103660169709E-3,null,377507.02109045809,6.4429556685977156E-3]
["NHS Thurrock CCG",163129.50876531863,2.8454883117254907E-3,null,164856.31821516782,2.8542664061419094E-3,null,166598.64216556092,2.8638125247847641E-3,null,168363.78973876376,2.8734841284555395E-3]
["NHS West Essex CCG",304281.43544155994,5.3076189254613187E-3,null,307537.68916479178,5.3246032927891469E-3,null,310788.91533349722,5.3424276256216052E-3,null,314109.54324559908,5.3609436358799034E-3]
["NHS Basildon and Brentwood CCG",271421.41513473744,4.7344375040629339E-3,null,273289.45792982948,4.7316410275749831E-3,null,275180.3128688896,4.7303196252041482E-3,null,277159.09005587385,4.730306009198655E-3]
["NHS Castle Point and Rochford CCG",183546.78486142054,3.2016293982061097E-3,null,184360.85542801183,3.1919613512716698E-3,null,185192.24845359568,3.1834345929866994E-3,null,186100.92056424191,3.1762057765630856E-3]
["NHS Southend CCG",194946.93930546963,3.4004837101446967E-3,null,196412.34766391132,3.400616802304563E-3,null,197918.26098445384,3.4021933631825665E-3,null,199440.37951287671,3.4038718538743707E-3]
["NHS Corby CCG",78316.589910187235,1.3660860189570682E-3,null,79534.075251943155,1.3770260163088945E-3,null,80735.052630931241,1.387826766822314E-3,null,81918.836777590041,1.3981181919650539E-3]
["NHS Milton Keynes CCG",248442.49669477955,4.3336133715569042E-3,null,251927.32525977583,4.3617843044368408E-3,null,255343.93507378225,4.3893344500696655E-3,null,258720.84955377912,4.4156184417494838E-3]
["NHS Nene CCG",634577.32639994367,1.1069011234225821E-2,null,639803.80702882982,1.1077346216968169E-2,null,644939.52186604706,1.1086440180065823E-2,null,650130.67382421368,1.1095854848329458E-2]
["NHS Bedfordshire CCG",443691.53285236435,7.739366594668378E-3,null,449051.15112192207,7.7747193990695988E-3,null,454322.59660391253,7.809755983209217E-3,null,459634.08708319801,7.8446277324834626E-3]
["NHS East and North Hertfordshire CCG",575146.58777353819,1.0032353468266789E-2,null,580822.25278756942,1.0056159581991037E-2,null,586460.4061035004,1.0081190545481832E-2,null,592182.84472571942,1.0106852596412103E-2]
["NHS Herts Valleys CCG",610096.64576830214,1.064199167701846E-2,null,616812.76532526268,1.0679287115035237E-2,null,623520.28365679877,1.0718245806704515E-2,null,630372.86434806499,1.0758646045707154E-2]
["NHS Luton CCG",220651.65893681496,3.84885433187199E-3,null,223502.79865795423,3.8696516869646046E-3,null,226169.16567269701,3.8878233396999625E-3,null,228839.42387784386,3.9056287192049174E-3]
["NHS Lincolnshire East CCG",273409.89417444094,4.7691227912829634E-3,null,275372.82228346413,4.7677116917188445E-3,null,277294.96477185609,4.7666702612390874E-3,null,279199.93004785117,4.7651372596401141E-3]
["NHS East Leicestershire and Rutland CCG",297042.13030390267,5.1813428255077986E-3,null,298603.76345747837,5.169924331755513E-3,null,300211.25890922354,5.1605988630522119E-3,null,301905.12744110113,5.1526494702180898E-3]
["NHS Leicester City CCG",352192.7290743526,6.1433415795881579E-3,null,354542.02953722852,6.138420507200054E-3,null,356692.23277283658,6.1315006558886297E-3,null,358785.9234993977,6.1234405467377948E-3]
["NHS Lincolnshire West CCG",224825.97519077384,3.9216674494985115E-3,null,226138.59922796598,3.9152870444791096E-3,null,227415.460890063,3.9092470188289022E-3,null,228718.62596249999,3.903567047315554E-3]
["NHS South West Lincolnshire CCG",125710.33503699042,2.192781010120349E-3,null,126736.70779380178,2.1942763941187517E-3,null,127761.41509129506,2.1962048187587884E-3,null,128708.35163757481,2.1966802137448811E-3]
["NHS West Leicestershire CCG",339602.11578494782,5.9237219459386901E-3,null,342207.15381082986,5.9248586504816276E-3,null,344622.02903506486,5.9240151674620012E-3,null,347007.45721807127,5.9224161104890318E-3]
["NHS South Lincolnshire CCG",161431.58062761949,2.8158711400283498E-3,null,162871.75493883213,2.8199063503561513E-3,null,164291.68918602649,2.8241562541753392E-3,null,165785.36092207607,2.8294777878249289E-3]
["NHS Cannock Chase CCG",136020.66905665351,2.3726254488426108E-3,null,136414.93350878017,2.3618419131622311E-3,null,136866.38619975318,2.352718281049155E-3,null,137308.99309485004,2.3434683488917757E-3]
["NHS East Staffordshire CCG",130892.8215160368,2.283179766381037E-3,null,131780.0758423901,2.2815955587752548E-3,null,132684.11692955499,2.280825527528911E-3,null,133571.14455746266,2.2796740587809465E-3]
["NHS North Staffordshire CCG",223151.48875111085,3.8924591742559339E-3,null,223670.19371311678,3.8725499082016041E-3,null,224151.01567230179,3.8531315608661193E-3,null,224641.11068237363,3.833975625911E-3]
["NHS Shropshire CCG",314276.24657572387,5.4819596592465339E-3,null,315632.99613433314,5.4647626932945647E-3,null,316996.42569941335,5.4491340531324329E-3,null,318436.64658785623,5.4347948053947706E-3]
["NHS South East Staffs and Seisdon Peninsular CCG",209098.50189979791,3.6473311766735345E-3,null,210023.20664019173,3.6362706004442686E-3,null,210926.6660751809,3.6258064307445248E-3,null,211839.81989655789,3.6154945264188772E-3]
["NHS Stafford and Surrounds CCG",141418.7687700906,2.4667851735691252E-3,null,141993.32085719894,2.4584242206007446E-3,null,142518.1402309656,2.4498713176597667E-3,null,143066.57180827548,2.4417336057919199E-3]
["NHS Stoke On Trent CCG",311128.47142252926,5.4270526257236117E-3,null,312211.7344110923,5.4055281276498305E-3,null,313238.33900848299,5.3845329519780919E-3,null,314291.97188608989,5.364057166430858E-3]
["NHS Telford and Wrekin CCG",173371.6875220451,3.0241439097190791E-3,null,174116.71628683573,3.0145977990155806E-3,null,174842.580385846,3.0055249254497241E-3,null,175569.74043022454,2.9964689161849785E-3]
["NHS Barking and Dagenham CCG",206859.41692139371,3.6082745388939463E-3,null,211023.57889497024,3.6535907065303698E-3,null,215078.74595902089,3.6971802319993459E-3,null,219147.12521161488,3.7402091451452378E-3]
["NHS Barnet CCG",370855.70137627551,6.4688821267835555E-3,null,377003.0406709594,6.527302839530881E-3,null,382905.44999990892,6.5821030067480767E-3,null,388769.38818251307,6.6351717807324791E-3]
["NHS Camden CCG",239421.75053043154,4.1762633741960842E-3,null,242954.52760735032,4.2064323277233957E-3,null,246042.13620396072,4.2294375399859023E-3,null,249049.83793802845,4.2505621762241744E-3]
["NHS City and Hackney CCG",282669.41078180005,4.9306376911799092E-3,null,286725.87721040397,4.9642746359595032E-3,null,290609.75150708441,4.9955499959207861E-3,null,294523.65720015246,5.0266690701870412E-3]
["NHS Enfield CCG",318248.42359837209,5.5512468371188735E-3,null,323000.37976302271,5.5923190758475367E-3,null,327643.27880758658,5.6321522991660917E-3,null,332292.1531426913,5.6712683264458575E-3]
["NHS Haringey CCG",281770.06952268002,4.9149503697354484E-3,null,285714.97598969319,4.9467722349266427E-3,null,289373.6725992377,4.9743019340404504E-3,null,293045.49584757682,5.0014411206825019E-3]
["NHS Havering CCG",282898.46445453441,4.9346331028835089E-3,null,286052.98258826736,4.9526243665877741E-3,null,289276.49078138295,4.97263138916964E-3,null,292569.05800036818,4.9933097012468033E-3]
["NHS Islington CCG",248000.41038487302,4.3259020050657408E-3,null,252535.75624005674,4.3723184721671015E-3,null,256580.97956360431,4.4105991101990542E-3,null,260494.06830761538,4.445882169795367E-3]
["NHS Newham CCG",322149.67958862882,5.6192969306019273E-3,null,327694.66899502563,5.6735944082138209E-3,null,332743.1115314195,5.7198178685787526E-3,null,337744.76679769118,5.7643287096823762E-3]
["NHS Redbridge CCG",273006.15637226455,4.7620803425819907E-3,null,278058.16042423382,4.8142047259398723E-3,null,283024.41723881394,4.8651589255027912E-3,null,287969.3088249616,4.9148052539965039E-3]
["NHS Tower Hamlets CCG",269388.03446238727,4.6989689920797053E-3,null,275594.51405149925,4.7715499878355572E-3,null,281349.96126236994,4.8363752095300309E-3,null,286949.32296838495,4.8973970382829605E-3]
["NHS Waltham Forest CCG",279403.04173566523,4.8736620096315169E-3,null,283057.81520739145,4.9007670539378094E-3,null,286542.69973175746,4.9256378185961068E-3,null,290086.78063536691,4.9509443884807811E-3]
["NHS Brent CCG",323620.49413403118,5.6449525316598524E-3,null,326707.06187716644,5.6564953133808717E-3,null,329553.16569770896,5.664983046918641E-3,null,332473.31554887269,5.6743602460304823E-3]
["NHS Ealing CCG",392939.32499450003,6.8540895203557618E-3,null,397317.77562860062,6.8790252737514048E-3,null,401411.17306126514,6.9002143718493803E-3,null,405523.38072307204,6.9211140948622404E-3]
["NHS Hounslow CCG",273830.06439063436,4.7764518726255275E-3,null,278312.87187174428,4.8186147135931209E-3,null,282506.10552472842,4.8562492035552031E-3,null,286608.95243009942,4.8915878952298436E-3]
["NHS Hammersmith and Fulham CCG",195428.19506825911,3.4088783142744625E-3,null,196111.67626235331,3.3954110795876786E-3,null,196754.49689846253,3.3821883852185532E-3,null,197504.58759102219,3.3708334709057273E-3]
["NHS Harrow CCG",233437.98666745462,4.0718878368632208E-3,null,236299.56474419913,4.0912105567893729E-3,null,239068.13409256516,4.1095552028018924E-3,null,241891.58673063619,4.1283914810654665E-3]
["NHS Hillingdon CCG",285748.96290923364,4.984354701978784E-3,null,290333.05954906926,5.0267281681113177E-3,null,294703.7094695401,5.0659246876735052E-3,null,299019.95390505588,5.1034078822464147E-3]
["NHS West London (Kensington and Chelsea, Queen's Park and Paddington) CCG",220599.74221164084,3.8479487419772855E-3,null,221752.79956683272,3.8393527959627587E-3,null,222696.79335557541,3.8281336375317635E-3,null,223749.35585154951,3.8187559438355215E-3]
["NHS Central London (Westminster) CCG",178605.46266514238,3.1154373005261803E-3,null,181110.24384571717,3.1356813643156965E-3,null,183260.3463427301,3.1502254059859024E-3,null,185362.27097866201,3.1635991592854191E-3]
["NHS Bexley CCG",245278.12516010005,4.2784168452874548E-3,null,247724.51774848436,4.2890183199672423E-3,null,250161.80988661322,4.3002542821696825E-3,null,252658.05421430295,4.3121440176521744E-3]
["NHS Bromley CCG",347065.99264696171,6.0539152784127841E-3,null,350975.36349513475,6.0766684604717739E-3,null,354914.83891608677,6.100947448958065E-3,null,358936.90925329481,6.126017437933457E-3]
["NHS Croydon CCG",392503.69986735593,6.8464908570791761E-3,null,397070.8717505901,6.8747504637096581E-3,null,401575.47258427116,6.9030386627660688E-3,null,406112.58422779135,6.9311700987207204E-3]
["NHS Greenwich CCG",296203.27018249035,5.1667104840711223E-3,null,299808.81730009586,5.19078822546498E-3,null,303289.05589089246,5.2135058581529821E-3,null,306807.97473742103,5.2363269278951595E-3]
["NHS Kingston CCG",175524.67536265418,3.0616987444151956E-3,null,178507.53118112931,3.090618879578671E-3,null,181289.3797425254,3.116344704665484E-3,null,184012.53946229536,3.1405631365398297E-3]
["NHS Lambeth CCG",370637.5446696913,6.4650767922158963E-3,null,375061.18007214135,6.4936821234271597E-3,null,379168.88334423117,6.5178718326573005E-3,null,383249.02292271476,6.5409550730786501E-3]
["NHS Lewisham CCG",318821.79058858403,5.561248148845524E-3,null,323540.93598075584,5.6016780829490605E-3,null,328110.49904358573,5.6401837641666145E-3,null,332668.88711231027,5.6776980883562408E-3]
["NHS Richmond CCG",177013.60998022632,3.0876704161457839E-3,null,179402.40100112947,3.106112352275077E-3,null,181707.09225999145,3.1235251373732719E-3,null,183968.54760166002,3.1398123224038862E-3]
["NHS Southwark CCG",309071.25106339128,5.3911682751185217E-3,null,313611.45778155699,5.4297624635701236E-3,null,317823.63802438555,5.4633537429577411E-3,null,321982.26621700637,5.4953083026598988E-3]
["NHS Merton CCG",191812.54624665048,3.3458101021584538E-3,null,194459.31891551052,3.3668027246450457E-3,null,196979.83794672735,3.3860619733101513E-3,null,199525.55619662552,3.4053255741146103E-3]
["NHS Sutton CCG",192318.80122107832,3.3546407706462728E-3,null,195021.21681714314,3.376531234426626E-3,null,197727.91829413321,3.3989213930545044E-3,null,200461.13922875797,3.421293277133509E-3]
["NHS Wandsworth CCG",315172.03272060235,5.4975849683910876E-3,null,318504.00735467189,5.5144704082707892E-3,null,321631.08304085565,5.5288033083555222E-3,null,324747.60271178518,5.5425046180904028E-3]
["NHS Bath and North East Somerset CCG",187397.10373182761,3.2687909891719784E-3,null,188394.7637006648,3.2618030715814953E-3,null,189251.61410718807,3.2532146467153856E-3,null,190109.58045706985,3.2446220351676834E-3]
["NHS Gloucestershire CCG",602628.49128544505,1.051172372947194E-2,null,606947.65162179817,1.0508485880715434E-2,null,611185.55579240154,1.0506213177334293E-2,null,615442.57662557694,1.0503829111077615E-2]
["NHS Swindon CCG",211457.06902767613,3.688471956447796E-3,null,214008.80118423878,3.7052758332357001E-3,null,216508.27194463395,3.721753628090027E-3,null,218983.23058491605,3.7374119367354665E-3]
["NHS Wiltshire CCG",480364.569801045,8.3790589396203364E-3,null,483216.13349435059,8.366240321699794E-3,null,486061.10313001805,8.3553374556986325E-3,null,488961.80593645223,8.3451672771170868E-3]
["NHS Bristol CCG",448568.57575283042,7.8244374605962869E-3,null,453321.70357579709,7.8486582965090826E-3,null,457833.7152783458,7.8701117310421148E-3,null,462219.3978736329,7.8887515285500989E-3]
["NHS North Somerset CCG",222503.16126797863,3.8811503173275586E-3,null,224800.69686452454,3.8921230565166672E-3,null,227121.90802964545,3.9042008771111645E-3,null,229456.94815230844,3.9161680768920026E-3]
["NHS Somerset CCG",578562.75361927866,1.009194207402269E-2,null,582231.84280462901,1.0080564745685612E-2,null,585951.87945299502,1.0072449027712095E-2,null,589777.75154526054,1.0065804594984787E-2]
["NHS South Gloucestershire CCG",235469.03245393749,4.1073156211418492E-3,null,237497.56641184934,4.1119523515321926E-3,null,239480.73690907631,4.1166478003064498E-3,null,241475.47550937577,4.1212896630806175E-3]
["NHS Kernow CCG",584588.99512271874,1.0197058554121596E-2,null,589546.72157039726,1.0207212076841478E-2,null,594425.76967830909,1.0218114278313534E-2,null,599303.20740144246,1.0228376643651024E-2]
["NHS North, East, West Devon CCG",922130.41134300176,1.608483546124044E-2,null,927085.6959569488,1.605124745131636E-2,null,931955.48370499432,1.6020213322770569E-2,null,936896.11624134821,1.5990113576133842E-2]
["NHS South Devon and Torbay CCG",304720.68990022648,5.3152808956190732E-3,null,306117.57937294099,5.3000159932801126E-3,null,307533.24031232652,5.2864629263835883E-3,null,309018.7890298033,5.2740591492355087E-3]
["NHS Ashford CCG",112725.93813543607,1.9662925599446654E-3,null,113957.42073988968,1.9730201503342809E-3,null,115184.36049694382,1.9800066192776013E-3,null,116401.23948958726,1.9866333177986891E-3]
["NHS Canterbury and Coastal CCG",204910.13281098302,3.5742729337007043E-3,null,206145.91457195437,3.5691404800037153E-3,null,207327.85836737312,3.5639433179727544E-3,null,208561.55036929395,3.5595439240357356E-3]
["NHS Dartford, Gravesham and Swanley CCG",256708.22755675117,4.4777935430882574E-3,null,259296.91282735395,4.4893788452405794E-3,null,261896.46696275799,4.5019717600067533E-3,null,264498.67900993145,4.5142293204006312E-3]
["NHS Medway CCG",287673.49066702835,5.0179244790341066E-3,null,290379.47185953555,5.0275317351206354E-3,null,293065.61616823531,5.0377660421283589E-3,null,295780.11474397714,5.0481131753349496E-3]
["NHS South Kent Coast CCG",212769.64693434571,3.7113674161345566E-3,null,213732.80889018287,3.7004973962197186E-3,null,214745.42354187599,3.691450455930328E-3,null,215834.44615754354,3.6836712714176929E-3]
["NHS Swale CCG",113292.15130860239,1.9761690867507848E-3,null,114638.17564092684,1.9848065099102043E-3,null,115963.71979471315,1.9934037207740302E-3,null,117272.50149298465,2.0015032464357992E-3]
["NHS Thanet CCG",164802.60155338468,2.8746722773299181E-3,null,166236.49614135793,2.8781623388660737E-3,null,167676.3770387831,2.8823386699454419E-3,null,169159.38074723753,2.8870625715348886E-3]
["NHS West Kent CCG",450823.93088098103,7.8637779006216109E-3,null,455319.52679121459,7.8832479303848919E-3,null,459721.99563280318,7.9025710647984242E-3,null,464237.92658006976,7.9232019897197969E-3]
["NHS Brighton and Hove CCG",278189.94182174111,4.8525017569454607E-3,null,280327.46267271833,4.8534946557609289E-3,null,282342.91798582399,4.8534440275241836E-3,null,284379.3235232252,4.8535345627039508E-3]
["NHS Eastbourne, Hailsham and Seaford CCG",213132.87572233152,3.7177032610624214E-3,null,214685.67574900479,3.7169950099848856E-3,null,216276.79751744407,3.717774607882317E-3,null,217874.06211069421,3.7184816310479726E-3]
["NHS Coastal West Sussex CCG",558725.56269457994,9.7459194853388598E-3,null,563372.95357255731,9.7540483308157996E-3,null,567978.47035648627,9.7634880817248516E-3,null,572655.8020595751,9.7735823174292993E-3]
["NHS Crawley CCG",124640.51850139446,2.1741200672243072E-3,null,126059.64314392266,2.1825539263003579E-3,null,127428.18112467247,2.1904765631446214E-3,null,128796.25430985398,2.1981804587443247E-3]
["NHS East Surrey CCG",175478.76498075543,3.0608979239133225E-3,null,177402.81439929866,3.0714921877247076E-3,null,179351.54950933054,3.0830336138871145E-3,null,181312.42601418664,3.094479990334768E-3]
["NHS Guildford and Waverley CCG",199338.57236313869,3.4770875118085762E-3,null,201193.9281361982,3.4834034656127874E-3,null,202873.59623106002,3.4873750366900577E-3,null,204507.48261057923,3.4903526841710041E-3]
["NHS Hastings and Rother CCG",206670.39001084489,3.6049773189817469E-3,null,207968.17937261265,3.600690555001904E-3,null,209302.8699171331,3.5978935515357407E-3,null,210726.73576713959,3.5964973917946091E-3]
["NHS Horsham and Mid Sussex CCG",215487.99461701725,3.7587838928762091E-3,null,216964.05185562084,3.7564420415095306E-3,null,218404.44981587055,3.7543487193001379E-3,null,219906.16041994342,3.7531636861867241E-3]
["NHS North West Surrey CCG",350672.0589729225,6.1168163418653205E-3,null,353604.78662392584,6.1221934011309815E-3,null,356493.11912773643,6.1280779140026149E-3,null,359402.41171532817,6.1339622218949327E-3]
["NHS Surrey Heath CCG",92716.969696395303,1.6172736347121804E-3,null,93211.197402809936,1.6138270725897126E-3,null,93711.183403364426,1.6108850423658169E-3,null,94191.520693680272,1.6075774973249252E-3]
["NHS Surrey Downs CCG",289182.76750837668,5.0442509827042245E-3,null,291780.65944915044,5.0517914220349147E-3,null,294397.40641722654,5.0606593715449158E-3,null,297059.3647521112,5.0699462820879126E-3]
["NHS High Weald Lewes Havens CCG",163436.52706334169,2.850843670085377E-3,null,164627.86481588017,2.8503110414339304E-3,null,165776.30065098402,2.8496765636599705E-3,null,166982.65105300114,2.8499120759441728E-3]
["NHS Bracknell and Ascot CCG",126292.83629028618,2.202941651934106E-3,null,127565.26019881184,2.2086216695740828E-3,null,128788.1049999572,2.2138535065348562E-3,null,130047.92291320814,2.2195428304954295E-3]
["NHS Chiltern CCG",301559.09229946742,5.2601327554240244E-3,null,303357.4407812414,5.2522278894095564E-3,null,305205.41186118254,5.2464478086894631E-3,null,307095.18067295494,5.2412287045695586E-3]
["NHS Newbury and District CCG",106556.38158865817,1.8586762177190443E-3,null,107223.96599370678,1.8564393975467398E-3,null,107910.98524952406,1.8549780904717043E-3,null,108571.67388987778,1.8530052228361374E-3]
["NHS North and West Reading CCG",102436.01926150649,1.7868042251487045E-3,null,103253.14554658621,1.7876899584609719E-3,null,103998.58844078098,1.787724415188614E-3,null,104808.58409026408,1.7887801372050711E-3]
["NHS Oxfordshire CCG",622836.73675671604,1.0864218668764041E-2,null,626979.14854212885,1.0855304427577622E-2,null,630847.10368112719,1.0844193045408079E-2,null,634798.29171723267,1.0834175322677381E-2]
["NHS Slough CCG",138554.97025926551,2.4168315799405634E-3,null,140377.47080262384,2.4304479405402092E-3,null,142141.18673062493,2.4433915280197989E-3,null,143899.86615106132,2.4559555360064997E-3]
["NHS South Reading CCG",113017.20752463414,1.9713732081290407E-3,null,113575.05345558743,1.9663999727990334E-3,null,114044.73726815598,1.9604166200212153E-3,null,114509.28001517599,1.9543430282427388E-3]
["NHS Aylesbury Vale CCG",190741.71174134238,3.3271314026901062E-3,null,192825.11246949396,3.3385086282460368E-3,null,194875.12022913527,3.3498821048404751E-3,null,196904.00820064906,3.3605833135007864E-3]
["NHS Windsor, Ascot and Maidenhead CCG",138528.31240126918,2.4163665836077828E-3,null,139746.24635153438,2.419519134383514E-3,null,140897.65628010611,2.4220153749320208E-3,null,142121.38426098682,2.4256019814102047E-3]
["NHS Wokingham CCG",136292.84291062105,2.3773730112308239E-3,null,137702.04500007036,2.3841265251827049E-3,null,139042.44094789488,2.390124425309038E-3,null,140326.96931553615,2.3949764955286125E-3]
["NHS North Hampshire CCG",206972.60925913544,3.6102489669202348E-3,null,209084.88102585298,3.6200247488565001E-3,null,211198.12442910409,3.6304727703005825E-3,null,213267.90479229557,3.639867815285542E-3]
["NHS Fareham and Gosport CCG",198324.05887579994,3.4593912268619741E-3,null,199446.64914085754,3.4531516694271598E-3,null,200579.91874852069,3.4479469704289585E-3,null,201724.83916502452,3.4428609890246849E-3]
["NHS Isle of Wight CCG",150867.19905368407,2.6315953182180392E-3,null,151461.38796866813,2.6223511248282898E-3,null,152102.35395866289,2.6146229084099311E-3,null,152769.18560202897,2.6073292293172876E-3]
["NHS Portsmouth CCG",212218.84101539571,3.7017596399801134E-3,null,213756.51661357182,3.7009078637053917E-3,null,215192.75902611678,3.6991401042125532E-3,null,216609.49594176194,3.6968991350644432E-3]
["NHS South Eastern Hampshire CCG",216260.66437809082,3.7722616676246243E-3,null,217311.45973772201,3.7624569438065481E-3,null,218370.9300199745,3.7537725176572702E-3,null,219455.22504245554,3.7454675203295582E-3]
["NHS Southampton CCG",268817.9116890842,4.689024269632117E-3,null,270824.76308012963,4.6889681364959317E-3,null,272529.50671381643,4.6847525559351741E-3,null,274192.11687345663,4.6796683372713511E-3]
["NHS West Hampshire CCG",548362.05212019302,9.5651474813583572E-3,null,552214.36792584124,9.5608523617665003E-3,null,556029.36631924449,9.5580842839687909E-3,null,559867.243612085,9.5553185222171152E-3]
["NHS Dorset CCG",824366.08442277508,1.4379520146673899E-2,null,829399.90458296449,1.4359948775628132E-2,null,834369.17289631593,1.4342715262109885E-2,null,839480.36770545447,1.4327507812068782E-2]
["NHS North East Hampshire and Farnham CCG",214357.30000169692,3.7390610460634136E-3,null,215475.74748589171,3.7306740441975465E-3,null,216602.7547157029,3.7233777766403778E-3,null,217753.18438571075,3.7164185970383276E-3]
[]
["England",57329179.00000006,0.99999999999999989,null,57757859.553832911,1.0000000000000002,null,58173724.96409554,0.99999999999999933,null,58592211.479955912,0.99999999999999911]

{"sheet":"CCG - STP lookup","index":4,"n_rows":197,"n_cols":6,"rows_kept":197,"cut":false,"hidden":true,"merged":[[0,0,0,5]]}
["Source:"]
["CCG18CD","CCG18CDH","CCG18NM","STP18CD","STP18NM","FID"]
["E38000001","02N","NHS Airedale, Wharfedale and Craven CCG","E54000005","West Yorkshire",1]
["E38000018","02W","NHS Bradford City CCG","E54000005","West Yorkshire",2]
["E38000019","02R","NHS Bradford Districts CCG","E54000005","West Yorkshire",3]
["E38000025","02T","NHS Calderdale CCG","E54000005","West Yorkshire",4]
["E38000064","03A","NHS Greater Huddersfield CCG","E54000005","West Yorkshire",5]
["E38000073","03E","NHS Harrogate and Rural District CCG","E54000005","West Yorkshire",6]
["E38000121","03J","NHS North Kirklees CCG","E54000005","West Yorkshire",7]
["E38000190","03R","NHS Wakefield CCG","E54000005","West Yorkshire",8]
["E38000225","15F","NHS Leeds CCG","E54000005","West Yorkshire",9]
["E38000052","02Y","NHS East Riding of Yorkshire CCG","E54000006","Humber, Coast and Vale",10]
["E38000085","03F","NHS Hull CCG","E54000006","Humber, Coast and Vale",11]
["E38000119","03H","NHS North East Lincolnshire CCG","E54000006","Humber, Coast and Vale",12]
["E38000122","03K","NHS North Lincolnshire CCG","E54000006","Humber, Coast and Vale",13]
["E38000145","03M","NHS Scarborough and Ryedale CCG","E54000006","Humber, Coast and Vale",14]
["E38000188","03Q","NHS Vale of York CCG","E54000006","Humber, Coast and Vale",15]
["E38000016","00T","NHS Bolton CCG","E54000007","Greater Manchester",16]
["E38000024","00V","NHS Bury CCG","E54000007","Greater Manchester",17]
["E38000080","01D","NHS Heywood, Middleton and Rochdale CCG","E54000007","Greater Manchester",18]
["E38000135","00Y","NHS Oldham CCG","E54000007","Greater Manchester",19]
["E38000143","01G","NHS Salford CCG","E54000007","Greater Manchester",20]
["E38000174","01W","NHS Stockport CCG","E54000007","Greater Manchester",21]
["E38000182","01Y","NHS Tameside and Glossop CCG","E54000007","Greater Manchester",22]
["E38000187","02A","NHS Trafford CCG","E54000007","Greater Manchester",23]
["E38000205","02H","NHS Wigan Borough CCG","E54000007","Greater Manchester",24]
["E38000217","14L","NHS Manchester CCG","E54000007","Greater Manchester",25]
["E38000056","01C","NHS Eastern Cheshire CCG","E54000008","Cheshire and Merseyside",26]
["E38000068","01F","NHS Halton CCG","E54000008","Cheshire and Merseyside",27]
["E38000091","01J","NHS Knowsley CCG","E54000008","Cheshire and Merseyside",28]
["E38000101","99A","NHS Liverpool CCG","E54000008","Cheshire and Merseyside",29]
["E38000151","01R","NHS South Cheshire CCG","E54000008","Cheshire and Merseyside",30]
["E38000161","01T","NHS South Sefton CCG","E54000008","Cheshire and Merseyside",31]
["E38000170","01V","NHS Southport and Formby CCG","E54000008","Cheshire and Merseyside",32]
["E38000172","01X","NHS St Helens CCG","E54000008","Cheshire and Merseyside",33]
["E38000189","02D","NHS Vale Royal CCG","E54000008","Cheshire and Merseyside",34]
["E38000194","02E","NHS Warrington CCG","E54000008","Cheshire and Merseyside",35]
["E38000196","02F","NHS West Cheshire CCG","E54000008","Cheshire and Merseyside",36]
["E38000208","12F","NHS Wirral CCG","E54000008","Cheshire and Merseyside",37]
["E38000006","02P","NHS Barnsley CCG","E54000009","South Yorkshire and Bassetlaw",38]
["E38000008","02Q","NHS Bassetlaw CCG","E54000009","South Yorkshire and Bassetlaw",39]
["E38000044","02X","NHS Doncaster CCG","E54000009","South Yorkshire and Bassetlaw",40]
["E38000141","03L","NHS Rotherham CCG","E54000009","South Yorkshire and Bassetlaw",41]
["E38000146","03N","NHS Sheffield CCG","E54000009","South Yorkshire and Bassetlaw",42]
["E38000028","04Y","NHS Cannock Chase CCG","E54000010","Staffordshire",43]
["E38000053","05D","NHS East Staffordshire CCG","E54000010","Staffordshire",44]
["E38000126","05G","NHS North Staffordshire CCG","E54000010","Staffordshire",45]
["E38000153","05Q","NHS South East Staffordshire and Seisdon Peninsula CCG","E54000010","Staffordshire",46]
["E38000173","05V","NHS Stafford and Surrounds CCG","E54000010","Staffordshire",47]
["E38000175","05W","NHS Stoke on Trent CCG","E54000010","Staffordshire",48]
["E38000147","05N","NHS Shropshire CCG","E54000011","Shropshire and Telford and Wrekin",49]
["E38000183","05X","NHS Telford and Wrekin CCG","E54000011","Shropshire and Telford and Wrekin",50]
["E38000058","03X","NHS Erewash CCG","E54000012","Derbyshire",51]
["E38000071","03Y","NHS Hardwick CCG","E54000012","Derbyshire",52]
["E38000115","04J","NHS North Derbyshire CCG","E54000012","Derbyshire",53]
["E38000169","04R","NHS Southern Derbyshire CCG","E54000012","Derbyshire",54]
["E38000099","03T","NHS Lincolnshire East CCG","E54000013","Lincolnshire",55]
["E38000100","04D","NHS Lincolnshire West CCG","E54000013","Lincolnshire",56]
["E38000157","99D","NHS South Lincolnshire CCG","E54000013","Lincolnshire",57]
["E38000165","04Q","NHS South West Lincolnshire CCG","E54000013","Lincolnshire",58]
["E38000103","04E","NHS Mansfield and Ashfield CCG","E54000014","Nottinghamshire",59]
["E38000109","04H","NHS Newark and Sherwood CCG","E54000014","Nottinghamshire",60]
["E38000132","04K","NHS Nottingham City CCG","E54000014","Nottinghamshire",61]
["E38000133","04L","NHS Nottingham North and East CCG","E54000014","Nottinghamshire",62]
["E38000134","04M","NHS Nottingham West CCG","E54000014","Nottinghamshire",63]
["E38000142","04N","NHS Rushcliffe CCG","E54000014","Nottinghamshire",64]
["E38000051","03W","NHS East Leicestershire and Rutland CCG","E54000015","Leicester, Leicestershire and Rutland",65]
["E38000140","08P","NHS Richmond CCG","E54000031","South West London",66]
["E38000179","08T","NHS Sutton CCG","E54000031","South West London",67]
["E38000193","08X","NHS Wandsworth CCG","E54000031","South West London",68]
["E38000002","09C","NHS Ashford CCG","E54000032","Kent and Medway",69]
["E38000029","09E","NHS Canterbury and Coastal CCG","E54000032","Kent and Medway",70]
["E38000043","09J","NHS Dartford, Gravesham and Swanley CCG","E54000032","Kent and Medway",71]
["E38000104","09W","NHS Medway CCG","E54000032","Kent and Medway",72]
["E38000156","10A","NHS South Kent Coast CCG","E54000032","Kent and Medway",73]
["E38000180","10D","NHS Swale CCG","E54000032","Kent and Medway",74]
["E38000184","10E","NHS Thanet CCG","E54000032","Kent and Medway",75]
["E38000199","99J","NHS West Kent CCG","E54000032","Kent and Medway",76]
["E38000021","09D","NHS Brighton and Hove CCG","E54000033","Sussex and East Surrey",77]
["E38000039","09H","NHS Crawley CCG","E54000033","Sussex and East Surrey",78]
["E38000054","09L","NHS East Surrey CCG","E54000033","Sussex and East Surrey",79]
["E38000055","09F","NHS Eastbourne, Hailsham and Seaford CCG","E54000033","Sussex and East Surrey",80]
["E38000076","09P","NHS Hastings and Rother CCG","E54000033","Sussex and East Surrey",81]
["E38000081","99K","NHS High Weald Lewes Havens CCG","E54000033","Sussex and East Surrey",82]
["E38000083","09X","NHS Horsham and Mid Sussex CCG","E54000033","Sussex and East Surrey",83]
["E38000213","09G","NHS Coastal West Sussex CCG","E54000033","Sussex and East Surrey",84]
["E38000118","99M","NHS North East Hampshire and Farnham CCG","E54000034","Frimley Health",85]
["E38000178","10C","NHS Surrey Heath CCG","E54000034","Frimley Health",86]
["E38000224","15D","NHS East Berkshire CCG","E54000034","Frimley Health",87]
["E38000128","09Y","NHS North West Surrey CCG","E54000035","Surrey Heartlands",88]
["E38000177","99H","NHS Surrey Downs CCG","E54000035","Surrey Heartlands",89]
["E38000214","09N","NHS Guildford and Waverley CCG","E54000035","Surrey Heartlands",90]
["E38000089","11N","NHS Kernow CCG","E54000036","Cornwall and the Isles of Scilly",91]
["E38000129","99P","NHS Northern, Eastern and Western Devon CCG","E54000037","Devon",92]
["E38000152","99Q","NHS South Devon and Torbay CCG","E54000037","Devon",93]
["E38000150","11X","NHS Somerset CCG","E54000038","Somerset",94]
["E38000222","15C","NHS Bristol, North Somerset and South Gloucestershire CCG","E54000039","Bristol, North Somerset and South Gloucestershire",95]
["E38000009","11E","NHS Bath and North East Somerset CCG","E54000040","Bath, Swindon and Wiltshire",96]
["E38000181","12D","NHS Swindon CCG","E54000040","Bath, Swindon and Wiltshire",97]
["E38000206","99N","NHS Wiltshire CCG","E54000040","Bath, Swindon and Wiltshire",98]
["E38000045","11J","NHS Dorset CCG","E54000041","Dorset",99]
["E38000059","10K","NHS Fareham and Gosport CCG","E54000042","Hampshire and the Isle of Wight",100]
["E38000087","10L","NHS Isle of Wight CCG","E54000042","Hampshire and the Isle of Wight",101]
["E38000120","10J","NHS North Hampshire CCG","E54000042","Hampshire and the Isle of Wight",102]
["E38000137","10R","NHS Portsmouth CCG","E54000042","Hampshire and the Isle of Wight",103]
["E38000154","10V","NHS South Eastern Hampshire CCG","E54000042","Hampshire and the Isle of Wight",104]
["E38000167","10X","NHS Southampton CCG","E54000042","Hampshire and the Isle of Wight",105]
["E38000198","11A","NHS West Hampshire CCG","E54000042","Hampshire and the Isle of Wight",106]
["E38000062","11M","NHS Gloucestershire CCG","E54000043","Gloucestershire",107]
["E38000136","10Q","NHS Oxfordshire CCG","E54000044","Buckinghamshire, Oxfordshire and Berkshire West",108]
["E38000221","15A","NHS Berkshire West CCG","E54000044","Buckinghamshire, Oxfordshire and Berkshire West",109]
["E38000223","14Y","NHS Buckinghamshire CCG","E54000044","Buckinghamshire, Oxfordshire and Berkshire West",110]
["E38000014","00Q","NHS Blackburn with Darwen CCG","E54000048","Lancashire and South Cumbria",111]
["E38000015","00R","NHS Blackpool CCG","E54000048","Lancashire and South Cumbria",112]
["E38000034","00X","NHS Chorley and South Ribble CCG","E54000048","Lancashire and South Cumbria",113]
["E38000050","01A","NHS East Lancashire CCG","E54000048","Lancashire and South Cumbria",114]
["E38000200","02G","NHS West Lancashire CCG","E54000048","Lancashire and South Cumbria",115]
["E38000226","02M","NHS Fylde and Wyre CCG","E54000048","Lancashire and South Cumbria",116]
["E38000227","01E","NHS Greater Preston CCG","E54000048","Lancashire and South Cumbria",117]
["E38000228","01K","NHS Morecambe Bay CCG","E54000048","Lancashire and South Cumbria",118]
["E38000042","00C","NHS Darlington CCG","E54000049","Cumbria and North East",119]
["E38000047","00D","NHS Durham Dales, Easington and Sedgefield CCG","E54000049","Cumbria and North East",120]
["E38000069","03D","NHS Hambleton, Richmondshire and Whitby CCG","E54000049","Cumbria and North East",121]
["E38000075","00K","NHS Hartlepool and Stockton-on-Tees CCG","E54000049","Cumbria and North East",122]
["E38000162","00M","NHS South Tees CCG","E54000049","Cumbria and North East",123]
["E38000116","00J","NHS North Durham CCG","E54000049","Cumbria and North East",124]
["E38000127","99C","NHS North Tyneside CCG","E54000049","Cumbria and North East",125]
["E38000130","00L","NHS Northumberland CCG","E54000049","Cumbria and North East",126]
["E38000163","00N","NHS South Tyneside CCG","E54000049","Cumbria and North East",127]
["E38000176","00P","NHS Sunderland CCG","E54000049","Cumbria and North East",128]
["E38000212","13T","NHS Newcastle Gateshead CCG","E54000049","Cumbria and North East",129]
["E38000215","01H","NHS North Cumbria CCG","E54000049","Cumbria and North East",130]
["E38000097","04C","NHS Leicester City CCG","E54000015","Leicester, Leicestershire and Rutland",131]
["E38000201","04V","NHS West Leicestershire CCG","E54000015","Leicester, Leicestershire and Rutland",132]
["E38000046","05C","NHS Dudley CCG","E54000016","The Black Country",133]
["E38000144","05L","NHS Sandwell and West Birmingham CCG","E54000016","The Black Country",134]
["E38000191","05Y","NHS Walsall CCG","E54000016","The Black Country",135]
["E38000210","06A","NHS Wolverhampton CCG","E54000016","The Black Country",136]
["E38000220","15E","NHS Birmingham and Solihull CCG","E54000017","Birmingham and Solihull",137]
["E38000038","05A","NHS Coventry and Rugby CCG","E54000018","Coventry and Warwickshire",138]
["E38000164","05R","NHS South Warwickshire CCG","E54000018","Coventry and Warwickshire",139]
["E38000195","05H","NHS Warwickshire North CCG","E54000018","Coventry and Warwickshire",140]
["E38000078","05F","NHS Herefordshire CCG","E54000019","Herefordshire and Worcestershire",141]
["E38000139","05J","NHS Redditch and Bromsgrove CCG","E54000019","Herefordshire and Worcestershire",142]
["E38000166","05T","NHS South Worcestershire CCG","E54000019","Herefordshire and Worcestershire",143]
["E38000211","06D","NHS Wyre Forest CCG","E54000019","Herefordshire and Worcestershire",144]
["E38000037","03V","NHS Corby CCG","E54000020","Northamptonshire",145]
["E38000108","04G","NHS Nene CCG","E54000020","Northamptonshire",146]
["E38000026","06H","NHS Cambridgeshire and Peterborough CCG","E54000021","Cambridgeshire and Peterborough",147]
["E38000063","06M","NHS Great Yarmouth and Waveney CCG","E54000022","Norfolk and Waveney",148]
["E38000124","06V","NHS North Norfolk CCG","E54000022","Norfolk and Waveney",149]
["E38000203","07J","NHS West Norfolk CCG","E54000022","Norfolk and Waveney",150]
["E38000218","06W","NHS Norwich CCG","E54000022","Norfolk and Waveney",151]
["E38000219","06Y","NHS South Norfolk CCG","E54000022","Norfolk and Waveney",152]
["E38000086","06L","NHS Ipswich and East Suffolk CCG","E54000023","Suffolk and North East Essex",153]
["E38000117","06T","NHS North East Essex CCG","E54000023","Suffolk and North East Essex",154]
["E38000204","07K","NHS West Suffolk CCG","E54000023","Suffolk and North East Essex",155]
["E38000010","06F","NHS Bedfordshire CCG","E54000024","Milton Keynes, Bedfordshire and Luton",156]
["E38000102","06P","NHS Luton CCG","E54000024","Milton Keynes, Bedfordshire and Luton",157]
["E38000107","04F","NHS Milton Keynes CCG","E54000024","Milton Keynes, Bedfordshire and Luton",158]
["E38000049","06K","NHS East and North Hertfordshire CCG","E54000025","Hertfordshire and West Essex",159]
["E38000079","06N","NHS Herts Valleys CCG","E54000025","Hertfordshire and West Essex",160]
["E38000197","07H","NHS West Essex CCG","E54000025","Hertfordshire and West Essex",161]
["E38000007","99E","NHS Basildon and Brentwood CCG","E54000026","Mid and South Essex",162]
["E38000030","99F","NHS Castle Point and Rochford CCG","E54000026","Mid and South Essex",163]
["E38000106","06Q","NHS Mid Essex CCG","E54000026","Mid and South Essex",164]
["E38000168","99G","NHS Southend CCG","E54000026","Mid and South Essex",165]
["E38000185","07G","NHS Thurrock CCG","E54000026","Mid and South Essex",166]
["E38000020","07P","NHS Brent CCG","E54000027","North West London",167]
["E38000031","09A","NHS Central London (Westminster) CCG","E54000027","North West London",168]
["E38000048","07W","NHS Ealing CCG","E54000027","North West London",169]
["E38000070","08C","NHS Hammersmith and Fulham CCG","E54000027","North West London",170]
["E38000074","08E","NHS Harrow CCG","E54000027","North West London",171]
["E38000082","08G","NHS Hillingdon CCG","E54000027","North West London",172]
["E38000084","07Y","NHS Hounslow CCG","E54000027","North West London",173]
["E38000202","08Y","NHS West London CCG","E54000027","North West London",174]
["E38000005","07M","NHS Barnet CCG","E54000028","North Central London",175]
["E38000027","07R","NHS Camden CCG","E54000028","North Central London",176]
["E38000057","07X","NHS Enfield CCG","E54000028","North Central London",177]
["E38000072","08D","NHS Haringey CCG","E54000028","North Central London",178]
["E38000088","08H","NHS Islington CCG","E54000028","North Central London",179]
["E38000004","07L","NHS Barking and Dagenham CCG","E54000029","North East London",180]
["E38000035","07T","NHS City and Hackney CCG","E54000029","North East London",181]
["E38000077","08F","NHS Havering CCG","E54000029","North East London",182]
["E38000113","08M","NHS Newham CCG","E54000029","North East London",183]
["E38000138","08N","NHS Redbridge CCG","E54000029","North East London",184]
["E38000186","08V","NHS Tower Hamlets CCG","E54000029","North East London",185]
["E38000192","08W","NHS Waltham Forest CCG","E54000029","North East London",186]
["E38000011","07N","NHS Bexley CCG","E54000030","South East London",187]
["E38000023","07Q","NHS Bromley CCG","E54000030","South East London",188]
["E38000066","08A","NHS Greenwich CCG","E54000030","South East London",189]
["E38000092","08K","NHS Lambeth CCG","E54000030","South East London",190]
["E38000098","08L","NHS Lewisham CCG","E54000030","South East London",191]
["E38000171","08Q","NHS Southwark CCG","E54000030","South East London",192]
["E38000040","07V","NHS Croydon CCG","E54000031","South West London",193]
["E38000090","08J","NHS Kingston CCG","E54000031","South West London",194]
["E38000105","08R","NHS Merton CCG","E54000031","South West London",195]